{"id":10893,"date":"2025-09-04T10:49:29","date_gmt":"2025-09-04T08:49:29","guid":{"rendered":"https:\/\/szachygrodzisk.pl\/?page_id=10893"},"modified":"2026-01-28T11:40:19","modified_gmt":"2026-01-28T10:40:19","slug":"zajecia-2025-26","status":"publish","type":"page","link":"https:\/\/szachygrodzisk.pl\/index.php\/zajecia-2025-26\/","title":{"rendered":"Zaj\u0119cia 2025\/26"},"content":{"rendered":"\t\t<div data-elementor-type=\"wp-page\" data-elementor-id=\"10893\" class=\"elementor elementor-10893\">\n\t\t\t\t\t\t<section class=\"elementor-section elementor-top-section elementor-element elementor-element-2d688456 elementor-section-boxed elementor-section-height-default elementor-section-height-default\" data-id=\"2d688456\" data-element_type=\"section\" data-e-type=\"section\">\n\t\t\t\t\t\t<div class=\"elementor-container elementor-column-gap-default\">\n\t\t\t\t\t<div class=\"elementor-column elementor-col-100 elementor-top-column elementor-element elementor-element-322975fb\" data-id=\"322975fb\" data-element_type=\"column\" data-e-type=\"column\">\n\t\t\t<div class=\"elementor-widget-wrap elementor-element-populated\">\n\t\t\t\t\t\t<div class=\"elementor-element elementor-element-95719cd elementor-widget elementor-widget-text-editor\" data-id=\"95719cd\" data-element_type=\"widget\" data-e-type=\"widget\" data-widget_type=\"text-editor.default\">\n\t\t\t\t<div class=\"elementor-widget-container\">\n\t\t\t\t\t\t\t\t\t<h3>Zaj\u0119cia dla pocz\u0105tkuj\u0105cych (bez kategorii szachowych, z V kategori\u0105)<\/h3><p>Grupy dla pocz\u0105tkuj\u0105cych dzieci (czyli bez kategorii szachowych, z V kategori\u0105 szachow\u0105):<\/p><ul><li>wtorki 17-18 w Mediatece (prowadzi K. Jarz\u0119bowski)<\/li><li>\u015brody 17-18 w Mediatece (prowadzi J. Kici\u0144ski) &#8211; KONTYNUACJA dla dzieci, kt\u00f3re ucz\u0119szcza\u0142y ju\u017c na nasze zaj\u0119cia lub minimum dobrze znaj\u0105 zasady gry w szachy i podstawy gry &#8211; BRAK MIEJSC, lista rezerwowa<\/li><li>czwartki 17-18 w Mediatece (prowadzi K. Jarz\u0119bowski)<\/li><li>pi\u0105tki 9:30-11 w Mediatece (prowadzi I. Rajlich)\u00a0&#8211; BRAK MIEJSC, lista rezerwowa<\/li><li><span style=\"color: #ff0000;\"><b>\ud83d\udd25 nowa grupa<\/b><\/span> pi\u0105tki 11:10-12:10 w Mediatece (prowadzi I. Rajlich) &#8211; pierwsze zaj\u0119cia planujemy 6.02<\/li><li><span style=\"word-spacing: normal;\">pi\u0105tki 16:20-17:20 w Szkole Podstawowej nr 2\u00a0 (prowadzi K. Jarz\u0119bowski)<\/span><\/li><\/ul><p>Kierunkowo grupy w Mediatece s\u0105 dla m\u0142odszych dzieci do 9 lat (ur. 2016 i m\u0142odsi), grupa pi\u0105tkowa o 16:20 do 14 lat (ur. 2011 i m\u0142odsi). Mo\u017cliwe s\u0105 wyj\u0105tki. Nie wymagamy formalnej przynale\u017cno\u015bci do Szachowej Dw\u00f3jki. Grupy w Mediatece licz\u0105 do 10 os\u00f3b (ma\u0142a sala).<\/p><p>Dla cz\u0142onk\u00f3w Szachowej Dw\u00f3jki te zaj\u0119cia s\u0105 finansowane ze sk\u0142adek cz\u0142onkowskich opisanych <a href=\"https:\/\/szachygrodzisk.pl\/index.php\/skladki-czlonkowskie\/\">tutaj<\/a>.<\/p><p><span style=\"color: var( --e-global-color-text ); font-family: var( --e-global-typography-text-font-family ), Sans-serif; font-weight: var( --e-global-typography-text-font-weight ); word-spacing: normal;\">Dla pozosta\u0142ych uczestnik\u00f3w op\u0142aty to 80 z\u0142 miesi\u0119cznie za 1 godz. zaj\u0119\u0107 tygodniowo (niezale\u017cnie od liczby zaj\u0119\u0107 w miesi\u0105cu oraz od frekwencji &#8211; zaj\u0119cia s\u0105 kalkulowane p\u00f3\u0142rocznie z uwzgl\u0119dnieniem r\u00f3\u017cnej liczby zaj\u0119\u0107 w r\u00f3\u017cnych miesi\u0105cach). P\u0142atne <\/span><a style=\"font-family: var( --e-global-typography-text-font-family ), Sans-serif; font-weight: var( --e-global-typography-text-font-weight ); background-color: #ffffff; word-spacing: normal;\" href=\"https:\/\/szachygrodzisk.pl\/index.php\/uks-szachowa-dwojka-grodzisk-maz\/\">na konto Klubu<\/a><span style=\"color: var( --e-global-color-text ); font-family: var( --e-global-typography-text-font-family ), Sans-serif; font-weight: var( --e-global-typography-text-font-weight ); word-spacing: normal;\"> z g\u00f3ry do 5. dnia miesi\u0105ca. Zaj\u0119cia wrze\u015bniowe 50% (czyli 40 z\u0142). W szczeg\u00f3lnych przypadkach &#8211; do\u0142\u0105czenie do zaj\u0119\u0107 w ci\u0105gu miesi\u0105ca, d\u0142u\u017csze nieobecno\u015bci zg\u0142oszone z wyprzedzeniem &#8211; koszt zaj\u0119\u0107 to 30 z\u0142 za 1 godzin\u0119. Uczestnictwo w zaj\u0119ciach daje zni\u017cki \u201eklubowe\u201d na turniejach organizowanych przez Szachow\u0105 Dw\u00f3jk\u0119.<\/span><\/p><div>Zg\u0142oszenia nale\u017cy przesy\u0142a\u0107 mailem na adres\u00a0<a href=\"mailto:jkicinski@szachygrodzisk.pl\">jkicinski@szachygrodzisk.pl<\/a>. Przes\u0142anie zg\u0142oszenia drog\u0105 mailow\u0105 oznacza zgod\u0119 na przetwarzanie podanych danych w celu obs\u0142ugi rekrutacji na zaj\u0119cia oraz p\u00f3\u017aniej do realizacji cel\u00f3w statutowych Klubu. W zg\u0142oszeniu nale\u017cy poda\u0107:<\/div><ul><li>imi\u0119 i nazwisko dziecka, rok urodzenia<\/li><li>miejscowo\u015b\u0107 zamieszkania, szko\u0142\u0119 \/ przedszkole, w przypadku SP nr 2 r\u00f3wnie\u017c klas\u0119<\/li><li>znajomo\u015b\u0107 gry w szachy: czy dziecko wie, jak ruszaj\u0105 si\u0119 figury, czy na razie zupe\u0142nie nic nie wie o szachach<\/li><li>wybrany termin zaj\u0119\u0107<\/li><li>telefon kontaktowy<\/li><\/ul>\t\t\t\t\t\t\t\t<\/div>\n\t\t\t\t<\/div>\n\t\t\t\t<div class=\"elementor-element elementor-element-7879cb0 elementor-widget-divider--view-line_icon elementor-view-default elementor-widget-divider--element-align-center elementor-widget elementor-widget-divider\" data-id=\"7879cb0\" data-element_type=\"widget\" data-e-type=\"widget\" data-widget_type=\"divider.default\">\n\t\t\t\t<div class=\"elementor-widget-container\">\n\t\t\t\t\t\t\t<div class=\"elementor-divider\">\n\t\t\t<span class=\"elementor-divider-separator\">\n\t\t\t\t\t\t\t<div class=\"elementor-icon elementor-divider__element\">\n\t\t\t\t\t<i aria-hidden=\"true\" class=\"fas fa-star\"><\/i><\/div>\n\t\t\t\t\t\t<\/span>\n\t\t<\/div>\n\t\t\t\t\t\t<\/div>\n\t\t\t\t<\/div>\n\t\t\t\t<div class=\"elementor-element elementor-element-1d65f0f elementor-widget elementor-widget-text-editor\" data-id=\"1d65f0f\" data-element_type=\"widget\" data-e-type=\"widget\" data-widget_type=\"text-editor.default\">\n\t\t\t\t<div class=\"elementor-widget-container\">\n\t\t\t\t\t\t\t\t\t<h3>Zaj\u0119cia od IV kategorii szachowej (stacjonarne)<\/h3><p><span style=\"word-spacing: normal;\">Pozosta\u0142e grupy:<\/span><\/p><ul><li>wtorki 17:30-19 (prowadzi I. Rajlich) &#8211; grupa od drugiej kategorii<\/li><li>wtorki 18-19:30 w Mediatece (prowadzi K. Jarz\u0119bowski) &#8211; grupa od drugiej kategorii<\/li><li>\u015brody 18-19:30 w Mediatece (prowadzi J. Kici\u0144ski) &#8211; grupa mniej wi\u0119cej dla trzecich kategorii BRAK MIEJSC<\/li><li>czwartki 18-19:30 w Mediatece (prowadzi K. Jarz\u0119bowski) &#8211; grupa mniej wi\u0119cej dla czwartych kategorii<\/li><\/ul><div><p>Dla cz\u0142onk\u00f3w Szachowej Dw\u00f3jki te zaj\u0119cia s\u0105 finansowane ze sk\u0142adek cz\u0142onkowskich opisanych\u00a0<a href=\"https:\/\/szachygrodzisk.pl\/index.php\/skladki-czlonkowskie\/\">tutaj<\/a>.<\/p><p><span style=\"word-spacing: normal;\">Dla pozosta\u0142ych uczestnik\u00f3w op\u0142aty to 80 z\u0142 miesi\u0119cznie za 1 godz. zaj\u0119\u0107 tygodniowo (niezale\u017cnie od liczby zaj\u0119\u0107 w miesi\u0105cu oraz od frekwencji &#8211; zaj\u0119cia s\u0105 kalkulowane p\u00f3\u0142rocznie z uwzgl\u0119dnieniem r\u00f3\u017cnej liczby zaj\u0119\u0107 w r\u00f3\u017cnych miesi\u0105cach). Czyli zaj\u0119cia 1,5 godz. to 120 z\u0142 miesi\u0119cznie. P\u0142atne\u00a0<\/span><a style=\"background-color: #ffffff; word-spacing: normal;\" href=\"https:\/\/szachygrodzisk.pl\/index.php\/uks-szachowa-dwojka-grodzisk-maz\/\">na konto Klubu<\/a><span style=\"word-spacing: normal;\">\u00a0z g\u00f3ry do 5. dnia miesi\u0105ca. Zaj\u0119cia wrze\u015bniowe 50%. W szczeg\u00f3lnych przypadkach &#8211; do\u0142\u0105czenie do zaj\u0119\u0107 w ci\u0105gu miesi\u0105ca, d\u0142u\u017csze nieobecno\u015bci zg\u0142oszone z wyprzedzeniem &#8211; koszt zaj\u0119\u0107 to 30 z\u0142 za 1 godzin\u0119 (45 z\u0142 za 1,5 godz.). Uczestnictwo w zaj\u0119ciach daje zni\u017cki \u201eklubowe\u201d na turniejach organizowanych przez Szachow\u0105 Dw\u00f3jk\u0119.<\/span><\/p><div>Zg\u0142oszenia nale\u017cy przesy\u0142a\u0107 mailem na adres\u00a0<a href=\"mailto:jkicinski@szachygrodzisk.pl\">jkicinski@szachygrodzisk.pl<\/a>. Przes\u0142anie zg\u0142oszenia drog\u0105 mailow\u0105 oznacza zgod\u0119 na przetwarzanie podanych danych w celu obs\u0142ugi rekrutacji na zaj\u0119cia oraz p\u00f3\u017aniej do realizacji cel\u00f3w statutowych Klubu. W zg\u0142oszeniu nale\u017cy poda\u0107:<\/div><ul><li>imi\u0119 i nazwisko dziecka, rok urodzenia<\/li><li>miejscowo\u015b\u0107 zamieszkania, szko\u0142\u0119 \/ przedszkole, w przypadku SP nr 2 r\u00f3wnie\u017c klas\u0119<\/li><li><span style=\"word-spacing: normal;\">wybrany termin zaj\u0119\u0107<\/span><\/li><li>telefon kontaktowy<\/li><\/ul><\/div><h3>Zaj\u0119cia praktyczne pi\u0105tkowe<\/h3><div>Do\u015bwiadczenie uczy, \u017ce w szachach &#8211; jak w wielu innych dziedzinach \u017cycia &#8211; praktyka jest wa\u017cniejsza ni\u017c teoria. Dlatego w pi\u0105tki odbywaj\u0105 si\u0119 rozgrywki tematyczne w formie turniej\u00f3w ko\u0142owych. Turnieje s\u0105 po\u015bwi\u0119cone \u0107wiczeniu konkretnych debiut\u00f3w, konkretnych typ\u00f3w pozycji czy ko\u0144c\u00f3wek. Jest to formu\u0142a ligowa, najlepsi w dany pi\u0105tek awansuj\u0105 do silniejszej grupy, najs\u0142absi &#8211; spadaj\u0105 do s\u0142abszej.<br \/>Termin: pi\u0105tki 17:30-19:30. Turnieje pi\u0105tkowe <span style=\"word-spacing: normal;\">odbywaj\u0105 si\u0119<\/span><span style=\"word-spacing: normal;\">\u00a0<\/span><span style=\"word-spacing: normal;\">w Szkole Podstawowej nr 2.<\/span><\/div><div>Temat rozgrywek pi\u0105tkowych towarzyszy nam na zaj\u0119ciach w ci\u0105gu poprzedzaj\u0105cego tygodnia. A w czwartki 20-20:30 temat jest kr\u00f3tko prezentowany na spotkaniu online.<br \/>Op\u0142aty za zaj\u0119cia pi\u0105tkowe na tych samych zasadach, co inne zaj\u0119cia stacjonarne. W kontek\u015bcie sk\u0142adek cz\u0142onkowskich zaj\u0119cia pi\u0105tkowe razem z czwartkowym wprowadzeniem online traktujemy jako zaj\u0119cia 2-godzinne.<\/div><p>Tematy zaj\u0119\u0107 w II semestrze (bloki tematyczne):<\/p><ul><li>Analiza w\u0142asnych partii &#8211; znaczenie i metoda<\/li><li>Strategia<\/li><li>Struktury<\/li><li>Ko\u0144c\u00f3wki<\/li><li>Taktyka<\/li><\/ul>\t\t\t\t\t\t\t\t<\/div>\n\t\t\t\t<\/div>\n\t\t\t\t<div class=\"elementor-element elementor-element-712a60c elementor-widget-divider--view-line_icon elementor-view-default elementor-widget-divider--element-align-center elementor-widget elementor-widget-divider\" data-id=\"712a60c\" data-element_type=\"widget\" data-e-type=\"widget\" data-widget_type=\"divider.default\">\n\t\t\t\t<div class=\"elementor-widget-container\">\n\t\t\t\t\t\t\t<div class=\"elementor-divider\">\n\t\t\t<span class=\"elementor-divider-separator\">\n\t\t\t\t\t\t\t<div class=\"elementor-icon elementor-divider__element\">\n\t\t\t\t\t<i aria-hidden=\"true\" class=\"fas fa-star\"><\/i><\/div>\n\t\t\t\t\t\t<\/span>\n\t\t<\/div>\n\t\t\t\t\t\t<\/div>\n\t\t\t\t<\/div>\n\t\t\t\t<div class=\"elementor-element elementor-element-2e20f78 elementor-widget elementor-widget-text-editor\" data-id=\"2e20f78\" data-element_type=\"widget\" data-e-type=\"widget\" data-widget_type=\"text-editor.default\">\n\t\t\t\t<div class=\"elementor-widget-container\">\n\t\t\t\t\t\t\t\t\t<h3>Zaj\u0119cia online<\/h3><p>G\u0142\u00f3wnie z my\u015bl\u0105 o cz\u0142onkach Szachowej Dw\u00f3jki mieszkaj\u0105cych poza Grodziskiem Mazowieckim po feriach uruchamiamy dwie grupy online:<\/p><ul><li><span style=\"color: #ff0000;\"><b>\ud83d\udd25 nowa grupa<\/b><\/span>\u00a0wtorki 18:30-19:30 (prowadzi J. Kici\u0144ski) &#8211; grupa dla III i IV kategorii<\/li><li><span style=\"color: #ff0000;\"><b>\ud83d\udd25 nowa grupa<\/b><\/span>\u00a0czwartki 18:30-19:30 lub 20:30-21:30 &#8211; godziny do potwierdzenia (prowadzi I. Rajlich) &#8211; grupa od II kategorii<\/li><\/ul><div>Do wakacji zaj\u0119cia online dla cz\u0142onk\u00f3w Szachowej Dw\u00f3jki b\u0119d\u0105 odbywa\u0107 si\u0119 w ramach sk\u0142adki cz\u0142onkowskiej, bez dodatkowych op\u0142at (wszystkie pakiety cz\u0142onkowskie). Dla pozosta\u0142ych: p\u0142atno\u015b\u0107 jak za inne zaj\u0119cia, czyli koszt miesi\u0119czny to 80 z\u0142.<\/div>\t\t\t\t\t\t\t\t<\/div>\n\t\t\t\t<\/div>\n\t\t\t\t<div class=\"elementor-element elementor-element-04330c4 elementor-widget-divider--view-line_icon elementor-view-default elementor-widget-divider--element-align-center elementor-widget elementor-widget-divider\" data-id=\"04330c4\" data-element_type=\"widget\" data-e-type=\"widget\" data-widget_type=\"divider.default\">\n\t\t\t\t<div class=\"elementor-widget-container\">\n\t\t\t\t\t\t\t<div class=\"elementor-divider\">\n\t\t\t<span class=\"elementor-divider-separator\">\n\t\t\t\t\t\t\t<div class=\"elementor-icon elementor-divider__element\">\n\t\t\t\t\t<i aria-hidden=\"true\" class=\"fas fa-star\"><\/i><\/div>\n\t\t\t\t\t\t<\/span>\n\t\t<\/div>\n\t\t\t\t\t\t<\/div>\n\t\t\t\t<\/div>\n\t\t\t\t<div class=\"elementor-element elementor-element-38ae794 elementor-widget elementor-widget-text-editor\" data-id=\"38ae794\" data-element_type=\"widget\" data-e-type=\"widget\" data-widget_type=\"text-editor.default\">\n\t\t\t\t<div class=\"elementor-widget-container\">\n\t\t\t\t\t\t\t\t\t<p>Obowi\u0105zuj\u0105ca w Szachowej Dw\u00f3jce <em>Polityka w zakresie standard\u00f3w ochrony ma\u0142oletnich<\/em> zosta\u0142a zamieszczona w zak\u0142adce <a href=\"https:\/\/szachygrodzisk.pl\/index.php\/uks-szachowa-dwojka-grodzisk-maz\/\">Klub<\/a>.<\/p>\t\t\t\t\t\t\t\t<\/div>\n\t\t\t\t<\/div>\n\t\t\t\t\t<\/div>\n\t\t<\/div>\n\t\t\t\t\t<\/div>\n\t\t<\/section>\n\t\t\t\t<\/div>\n\t\t","protected":false},"excerpt":{"rendered":"<p>Zaj\u0119cia dla pocz\u0105tkuj\u0105cych (bez kategorii szachowych, z V kategori\u0105) Grupy dla pocz\u0105tkuj\u0105cych dzieci (czyli bez kategorii szachowych, z V kategori\u0105 szachow\u0105): wtorki 17-18 w Mediatece (prowadzi K. Jarz\u0119bowski) \u015brody 17-18 w Mediatece (prowadzi J. Kici\u0144ski) &#8211; KONTYNUACJA dla dzieci, kt\u00f3re ucz\u0119szcza\u0142y ju\u017c na nasze zaj\u0119cia lub minimum dobrze znaj\u0105 zasady gry w szachy i podstawy gry &#8211; BRAK MIEJSC, lista rezerwowa czwartki 17-18 w Mediatece (prowadzi K. Jarz\u0119bowski) pi\u0105tki 9:30-11 w Mediatece (prowadzi I. Rajlich)\u00a0&#8211; BRAK MIEJSC, lista rezerwowa \ud83d\udd25 nowa grupa pi\u0105tki 11:10-12:10 w Mediatece (prowadzi I. Rajlich) &#8211; pierwsze zaj\u0119cia planujemy 6.02 pi\u0105tki 16:20-17:20 w Szkole Podstawowej nr&hellip;<\/p>\n<p> <a class=\"more-link\" href=\"https:\/\/szachygrodzisk.pl\/index.php\/zajecia-2025-26\/\">Dowiedz si\u0119 wi\u0119cej<\/a><\/p>\n","protected":false},"author":2,"featured_media":0,"parent":0,"menu_order":0,"comment_status":"closed","ping_status":"closed","template":"","meta":{"_monsterinsights_skip_tracking":false,"_monsterinsights_sitenote_active":false,"_monsterinsights_sitenote_note":"","_monsterinsights_sitenote_category":0,"footnotes":""},"class_list":["post-10893","page","type-page","status-publish"],"_links":{"self":[{"href":"https:\/\/szachygrodzisk.pl\/index.php\/wp-json\/wp\/v2\/pages\/10893","targetHints":{"allow":["GET"]}}],"collection":[{"href":"https:\/\/szachygrodzisk.pl\/index.php\/wp-json\/wp\/v2\/pages"}],"about":[{"href":"https:\/\/szachygrodzisk.pl\/index.php\/wp-json\/wp\/v2\/types\/page"}],"author":[{"embeddable":true,"href":"https:\/\/szachygrodzisk.pl\/index.php\/wp-json\/wp\/v2\/users\/2"}],"replies":[{"embeddable":true,"href":"https:\/\/szachygrodzisk.pl\/index.php\/wp-json\/wp\/v2\/comments?post=10893"}],"version-history":[{"count":70,"href":"https:\/\/szachygrodzisk.pl\/index.php\/wp-json\/wp\/v2\/pages\/10893\/revisions"}],"predecessor-version":[{"id":11810,"href":"https:\/\/szachygrodzisk.pl\/index.php\/wp-json\/wp\/v2\/pages\/10893\/revisions\/11810"}],"wp:attachment":[{"href":"https:\/\/szachygrodzisk.pl\/index.php\/wp-json\/wp\/v2\/media?parent=10893"}],"curies":[{"name":"wp","href":"https:\/\/api.w.org\/{rel}","templated":true}]}}