{"id":1515,"date":"2018-01-19T10:50:42","date_gmt":"2018-01-19T09:50:42","guid":{"rendered":"https:\/\/szachygrodzisk.pl\/?page_id=1515"},"modified":"2018-12-18T09:36:59","modified_gmt":"2018-12-18T08:36:59","slug":"liga-klasyfikacja-placowek","status":"publish","type":"page","link":"https:\/\/szachygrodzisk.pl\/index.php\/liga-klasyfikacja-placowek\/","title":{"rendered":"Klasyfikacja plac\u00f3wek 2018"},"content":{"rendered":"<p>Wynik przedszkola\/zer\u00f3wki w danym turnieju to suma wynik\u00f3w 5 najlepszych zawodnik\u00f3w.<\/p>\n<table style=\"widath: auto;\">\n<tbody style=\"background: #f7f7f7;\">\n<tr style=\"background: #ffffff;\">\n<th style=\"text-align: center;\"><\/th>\n<th style=\"text-align: center;\">Plac\u00f3wka<\/th>\n<th style=\"text-align: center;\">Pkt<\/th>\n<th style=\"text-align: center;\">13.01<\/th>\n<th style=\"text-align: center;\">10.02<\/th>\n<th style=\"text-align: center;\">10.03<\/th>\n<th style=\"text-align: center;\">19.05<\/th>\n<\/tr>\n<tr>\n<td style=\"text-align: right;\">1.<\/td>\n<td>Przedszkole nr 4<\/td>\n<td style=\"text-align: right;\"><strong>164,5<\/strong><\/td>\n<td style=\"text-align: right;\">45,5<\/td>\n<td style=\"text-align: right;\">36,5<\/td>\n<td style=\"text-align: right;\">40,5<\/td>\n<td style=\"text-align: right;\">42,0<\/td>\n<\/tr>\n<tr>\n<td style=\"text-align: right;\">2.<\/td>\n<td>Przedszkole Si\u00f3str<\/td>\n<td style=\"text-align: right;\"><strong>131,5<\/strong><\/td>\n<td style=\"text-align: right;\">35,5<\/td>\n<td style=\"text-align: right;\">36,0<\/td>\n<td style=\"text-align: right;\">36,5<\/td>\n<td style=\"text-align: right;\">23,5<\/td>\n<\/tr>\n<tr>\n<td style=\"text-align: right;\">3.<\/td>\n<td>SP2 zer\u00f3wka<\/td>\n<td style=\"text-align: right;\"><strong>101,5<\/strong><\/td>\n<td style=\"text-align: right;\">33,5<\/td>\n<td style=\"text-align: right;\">31,0<\/td>\n<td style=\"text-align: right;\">25,0<\/td>\n<td style=\"text-align: right;\">12,0<\/td>\n<\/tr>\n<tr>\n<td style=\"text-align: right;\">4.<\/td>\n<td>Zaczarowana Doro\u017cka<\/td>\n<td style=\"text-align: right;\"><strong>12,0<\/strong><\/td>\n<td style=\"text-align: right;\"><\/td>\n<td style=\"text-align: right;\"><\/td>\n<td style=\"text-align: right;\">6,5<\/td>\n<td style=\"text-align: right;\">5,5<\/td>\n<\/tr>\n<tr>\n<td style=\"text-align: right;\">5.<\/td>\n<td>SP6 zer\u00f3wka<\/td>\n<td style=\"text-align: right;\"><strong>7,0<\/strong><\/td>\n<td style=\"text-align: right;\">7,0<\/td>\n<td style=\"text-align: right;\"><\/td>\n<td style=\"text-align: right;\"><\/td>\n<td style=\"text-align: right;\"><\/td>\n<\/tr>\n<\/tbody>\n<\/table>\n","protected":false},"excerpt":{"rendered":"<p>Wynik przedszkola\/zer\u00f3wki w danym turnieju to suma wynik\u00f3w 5 najlepszych zawodnik\u00f3w. Plac\u00f3wka Pkt 13.01 10.02 10.03 19.05 1. Przedszkole nr 4 164,5 45,5 36,5 40,5 42,0 2. Przedszkole Si\u00f3str 131,5 35,5 36,0 36,5 23,5 3. SP2 zer\u00f3wka 101,5 33,5 31,0 25,0 12,0 4. Zaczarowana Doro\u017cka 12,0 6,5 5,5 5. SP6 zer\u00f3wka 7,0 7,0<\/p>\n","protected":false},"author":2,"featured_media":0,"parent":0,"menu_order":0,"comment_status":"closed","ping_status":"closed","template":"","meta":{"_monsterinsights_skip_tracking":false,"_monsterinsights_sitenote_active":false,"_monsterinsights_sitenote_note":"","_monsterinsights_sitenote_category":0,"footnotes":""},"class_list":["post-1515","page","type-page","status-publish"],"_links":{"self":[{"href":"https:\/\/szachygrodzisk.pl\/index.php\/wp-json\/wp\/v2\/pages\/1515","targetHints":{"allow":["GET"]}}],"collection":[{"href":"https:\/\/szachygrodzisk.pl\/index.php\/wp-json\/wp\/v2\/pages"}],"about":[{"href":"https:\/\/szachygrodzisk.pl\/index.php\/wp-json\/wp\/v2\/types\/page"}],"author":[{"embeddable":true,"href":"https:\/\/szachygrodzisk.pl\/index.php\/wp-json\/wp\/v2\/users\/2"}],"replies":[{"embeddable":true,"href":"https:\/\/szachygrodzisk.pl\/index.php\/wp-json\/wp\/v2\/comments?post=1515"}],"version-history":[{"count":9,"href":"https:\/\/szachygrodzisk.pl\/index.php\/wp-json\/wp\/v2\/pages\/1515\/revisions"}],"predecessor-version":[{"id":2043,"href":"https:\/\/szachygrodzisk.pl\/index.php\/wp-json\/wp\/v2\/pages\/1515\/revisions\/2043"}],"wp:attachment":[{"href":"https:\/\/szachygrodzisk.pl\/index.php\/wp-json\/wp\/v2\/media?parent=1515"}],"curies":[{"name":"wp","href":"https:\/\/api.w.org\/{rel}","templated":true}]}}