{"id":1561,"date":"2018-02-08T13:24:42","date_gmt":"2018-02-08T12:24:42","guid":{"rendered":"https:\/\/szachygrodzisk.pl\/?page_id=1561"},"modified":"2018-02-08T13:27:04","modified_gmt":"2018-02-08T12:27:04","slug":"finansowanie-startow","status":"publish","type":"page","link":"https:\/\/szachygrodzisk.pl\/index.php\/finansowanie-startow\/","title":{"rendered":"Finansowanie start\u00f3w"},"content":{"rendered":"<p>Od 2018 roku Szachowa Dw\u00f3jka dofinansowuje starty w turniejach zewn\u0119trznych. Ka\u017cdy mo\u017ce otrzyma\u0107 zwrot wpisowego do 100 z\u0142 w ci\u0105gu roku kalendarzowego, zawodnicy od III kategorii &#8211; nawet w wy\u017cszej wysoko\u015bci (ustalanej indywidualnie).<\/p>\n<p>Warunkiem otrzymania dofinansowania jest brak zaleg\u0142o\u015bci w op\u0142acaniu sk\u0142adek oraz faktura wystawiona na Klub. Dane do faktury:<br \/>\n&#8211; UKS Szachowa Dw\u00f3jka Grodzisk Maz.<br \/>\n&#8211; ul. Westfala 3, 05-825 Grodzisk Maz.<br \/>\n&#8211; NIP: 529-181-13-19<\/p>\n<p>Aby otrzyma\u0107 dofinansowanie, nale\u017cy odpowiednio wcze\u015bnie zg\u0142osi\u0107 mailowo na adres <a href=\"mailto:klub@szachygrodzisk.pl\">klub@szachygrodzisk.pl<\/a> ch\u0119\u0107 startu w turnieju:<br \/>\n&#8211; je\u015bli jest mo\u017cliwo\u015b\u0107 op\u0142acenia wpisowego przelewem, to Klub zrobi przelew,<br \/>\n&#8211; je\u015bli organizator wymaga wp\u0142at got\u00f3wkowych, to zawodnik op\u0142aca wpisowe i bierze faktur\u0119 na Klub (bez faktury zwrot wpisowego nie b\u0119dzie mo\u017cliwy).<\/p>\n","protected":false},"excerpt":{"rendered":"<p>Od 2018 roku Szachowa Dw\u00f3jka dofinansowuje starty w turniejach zewn\u0119trznych. Ka\u017cdy mo\u017ce otrzyma\u0107 zwrot wpisowego do 100 z\u0142 w ci\u0105gu roku kalendarzowego, zawodnicy od III kategorii &#8211; nawet w wy\u017cszej wysoko\u015bci (ustalanej indywidualnie). Warunkiem otrzymania dofinansowania jest brak zaleg\u0142o\u015bci w op\u0142acaniu sk\u0142adek oraz faktura wystawiona na Klub. Dane do faktury: &#8211; UKS Szachowa Dw\u00f3jka Grodzisk Maz. &#8211; ul. Westfala 3, 05-825 Grodzisk Maz. &#8211; NIP: 529-181-13-19 Aby otrzyma\u0107 dofinansowanie, nale\u017cy odpowiednio wcze\u015bnie zg\u0142osi\u0107 mailowo na adres klub@szachygrodzisk.pl ch\u0119\u0107 startu w turnieju: &#8211; je\u015bli jest mo\u017cliwo\u015b\u0107 op\u0142acenia wpisowego przelewem, to Klub zrobi przelew, &#8211; je\u015bli organizator wymaga wp\u0142at got\u00f3wkowych, to zawodnik&hellip;<\/p>\n<p> <a class=\"more-link\" href=\"https:\/\/szachygrodzisk.pl\/index.php\/finansowanie-startow\/\">Dowiedz si\u0119 wi\u0119cej<\/a><\/p>\n","protected":false},"author":2,"featured_media":0,"parent":0,"menu_order":0,"comment_status":"closed","ping_status":"closed","template":"","meta":{"_monsterinsights_skip_tracking":false,"_monsterinsights_sitenote_active":false,"_monsterinsights_sitenote_note":"","_monsterinsights_sitenote_category":0,"footnotes":""},"class_list":["post-1561","page","type-page","status-publish"],"_links":{"self":[{"href":"https:\/\/szachygrodzisk.pl\/index.php\/wp-json\/wp\/v2\/pages\/1561","targetHints":{"allow":["GET"]}}],"collection":[{"href":"https:\/\/szachygrodzisk.pl\/index.php\/wp-json\/wp\/v2\/pages"}],"about":[{"href":"https:\/\/szachygrodzisk.pl\/index.php\/wp-json\/wp\/v2\/types\/page"}],"author":[{"embeddable":true,"href":"https:\/\/szachygrodzisk.pl\/index.php\/wp-json\/wp\/v2\/users\/2"}],"replies":[{"embeddable":true,"href":"https:\/\/szachygrodzisk.pl\/index.php\/wp-json\/wp\/v2\/comments?post=1561"}],"version-history":[{"count":2,"href":"https:\/\/szachygrodzisk.pl\/index.php\/wp-json\/wp\/v2\/pages\/1561\/revisions"}],"predecessor-version":[{"id":1564,"href":"https:\/\/szachygrodzisk.pl\/index.php\/wp-json\/wp\/v2\/pages\/1561\/revisions\/1564"}],"wp:attachment":[{"href":"https:\/\/szachygrodzisk.pl\/index.php\/wp-json\/wp\/v2\/media?parent=1561"}],"curies":[{"name":"wp","href":"https:\/\/api.w.org\/{rel}","templated":true}]}}