{"id":1735,"date":"2018-05-21T22:23:08","date_gmt":"2018-05-21T20:23:08","guid":{"rendered":"https:\/\/szachygrodzisk.pl\/?page_id=1735"},"modified":"2019-08-09T15:20:58","modified_gmt":"2019-08-09T13:20:58","slug":"grodziska-akademia-szachowa","status":"publish","type":"page","link":"https:\/\/szachygrodzisk.pl\/index.php\/grodziska-akademia-szachowa\/","title":{"rendered":"Grodziska Akademia Szachowa"},"content":{"rendered":"<p><strong>Grodziska Akademia Szachowa<\/strong> to cykl spotka\u0144 ukierunkowanych na doskonalenie gry w szachy. Tematyka i forma sesji s\u0105 dobierane tak, by skorzysta\u0107 mogli szachi\u015bci w r\u00f3\u017cnym wieku i na r\u00f3\u017cnym poziomie wtajemniczenia (dzieci i rodzice). Dotychczas odby\u0142o si\u0119 6 sesji Akademii.<\/p>\n<p>Po wakacjach planujemy zwi\u0119kszy\u0107 liczb\u0119 uczestnik\u00f3w oraz jako element sesji organizowa\u0107 turniej szach\u00f3w szybkich.<\/p>\n<hr style=\"border-top: 3px double;\" \/>\n<p>W roku szkolnym 2018\/19 odby\u0142o si\u0119 5 sesji <strong>Grodziskiej Akademii Szachowej<\/strong>, kt\u00f3re by\u0142y organizowane na podobnych zasadach: 4-godzinne szkolenie szachowe prowadzi\u0142 <strong>mistrz mi\u0119dzynarodowy Micha\u0142 Luch<\/strong>, r\u00f3wnolegle <strong>instruktor Jacek Kici\u0144ski<\/strong> prowadzi\u0142 1,5-godzinny bezp\u0142atny otwarty warsztat szachowy. Tematy warsztatu:<br \/>\n&#8211; 15 czerwca: <strong>Sam na sam z szachami &#8211; cel, plan, motywacja<\/strong>,<br \/>\n&#8211; 30 marca: <strong>Atak i obrona w debiucie<\/strong>,<br \/>\n&#8211; 2 marca: <strong>Pionki s\u0105 dusz\u0105 gry<\/strong>,<br \/>\n&#8211; 26 stycznia: <strong>Taktyka w debiucie, w grze \u015brodkowej i w ko\u0144c\u00f3wce<\/strong>,<br \/>\n&#8211; 24 listopada: <strong>Szachy narz\u0119dziem rozwoju &#8211; instrukcja obs\u0142ugi<\/strong>.<\/p>\n<p>W listopadzie i w styczniu sesj\u0119 ko\u0144czy\u0142a symultana z Mistrzem. Kr\u00f3tk\u0105 relacj\u0119 ze spotkania listopadowego mo\u017cna przeczyta\u0107 i obejrze\u0107 <a href=\"https:\/\/szachygrodzisk.pl\/index.php\/2018\/11\/25\/grodziska-akademia-szachowa-2\/\">tutaj<\/a>.<\/p>\n<hr style=\"border-top: 3px double;\" \/>\n<p>Inauguracyjna sesja <strong>Grodziskiej Akademii Szachowej<\/strong> odby\u0142a si\u0119 w sobot\u0119 9 czerwca 2018 r. w Szkole Podstawowej nr 6 przy ul. Sportowej. Sesja sk\u0142ada\u0142a si\u0119 z trzech godzinnych wyk\u0142ad\u00f3w:<br \/>\n&#8211; gambit &#8211; co to jest, dlaczego warto si\u0119 interesowa\u0107 gambitami, przyk\u0142adowe gambity,<br \/>\n&#8211; jak u\u017cywa\u0107 komputera i Internetu by doskonali\u0107 swoje rozumienie szach\u00f3w,<br \/>\n&#8211; ciekawe partie z Puchar\u00f3w Polski do lat 6, 7 i 8 (Poronin 2018).<br \/>\nW spotkaniu wzi\u0119\u0142o udzia\u0142 20 os\u00f3b. Materia\u0142 z sesji mo\u017cna pobra\u0107 <a href=\"https:\/\/szachygrodzisk.pl\/Klub\/180609 Grodziska Akademia Szachowa.pdf\">tutaj<\/a> &#8211; szczeg\u00f3lnie polecam\u00a0 wskaz\u00f3wki odno\u015bnie aplikacji internetowych i sposobu korzystania z nich.<\/p>\n<hr style=\"border-top: 3px double;\" \/>\n<p><a href=\"https:\/\/szachygrodzisk.pl\/wp-content\/uploads\/2019\/06\/190615-Akademia-LR.jpg\"><img fetchpriority=\"high\" decoding=\"async\" class=\"aligncenter size-large wp-image-2291\" src=\"https:\/\/szachygrodzisk.pl\/wp-content\/uploads\/2019\/06\/190615-Akademia-LR-724x1024.jpg\" alt=\"\" width=\"724\" height=\"1024\" srcset=\"https:\/\/szachygrodzisk.pl\/wp-content\/uploads\/2019\/06\/190615-Akademia-LR-724x1024.jpg 724w, https:\/\/szachygrodzisk.pl\/wp-content\/uploads\/2019\/06\/190615-Akademia-LR-212x300.jpg 212w, https:\/\/szachygrodzisk.pl\/wp-content\/uploads\/2019\/06\/190615-Akademia-LR-768x1086.jpg 768w, https:\/\/szachygrodzisk.pl\/wp-content\/uploads\/2019\/06\/190615-Akademia-LR-1200x1697.jpg 1200w, https:\/\/szachygrodzisk.pl\/wp-content\/uploads\/2019\/06\/190615-Akademia-LR.jpg 1240w\" sizes=\"(max-width: 724px) 100vw, 724px\" \/><\/a><\/p>\n","protected":false},"excerpt":{"rendered":"<p>Grodziska Akademia Szachowa to cykl spotka\u0144 ukierunkowanych na doskonalenie gry w szachy. Tematyka i forma sesji s\u0105 dobierane tak, by skorzysta\u0107 mogli szachi\u015bci w r\u00f3\u017cnym wieku i na r\u00f3\u017cnym poziomie wtajemniczenia (dzieci i rodzice). Dotychczas odby\u0142o si\u0119 6 sesji Akademii. Po wakacjach planujemy zwi\u0119kszy\u0107 liczb\u0119 uczestnik\u00f3w oraz jako element sesji organizowa\u0107 turniej szach\u00f3w szybkich. W roku szkolnym 2018\/19 odby\u0142o si\u0119 5 sesji Grodziskiej Akademii Szachowej, kt\u00f3re by\u0142y organizowane na podobnych zasadach: 4-godzinne szkolenie szachowe prowadzi\u0142 mistrz mi\u0119dzynarodowy Micha\u0142 Luch, r\u00f3wnolegle instruktor Jacek Kici\u0144ski prowadzi\u0142 1,5-godzinny bezp\u0142atny otwarty warsztat szachowy. Tematy warsztatu: &#8211; 15 czerwca: Sam na sam z szachami &#8211;&hellip;<\/p>\n<p> <a class=\"more-link\" href=\"https:\/\/szachygrodzisk.pl\/index.php\/grodziska-akademia-szachowa\/\">Dowiedz si\u0119 wi\u0119cej<\/a><\/p>\n","protected":false},"author":2,"featured_media":0,"parent":0,"menu_order":0,"comment_status":"closed","ping_status":"closed","template":"","meta":{"_monsterinsights_skip_tracking":false,"_monsterinsights_sitenote_active":false,"_monsterinsights_sitenote_note":"","_monsterinsights_sitenote_category":0,"footnotes":""},"class_list":["post-1735","page","type-page","status-publish"],"_links":{"self":[{"href":"https:\/\/szachygrodzisk.pl\/index.php\/wp-json\/wp\/v2\/pages\/1735","targetHints":{"allow":["GET"]}}],"collection":[{"href":"https:\/\/szachygrodzisk.pl\/index.php\/wp-json\/wp\/v2\/pages"}],"about":[{"href":"https:\/\/szachygrodzisk.pl\/index.php\/wp-json\/wp\/v2\/types\/page"}],"author":[{"embeddable":true,"href":"https:\/\/szachygrodzisk.pl\/index.php\/wp-json\/wp\/v2\/users\/2"}],"replies":[{"embeddable":true,"href":"https:\/\/szachygrodzisk.pl\/index.php\/wp-json\/wp\/v2\/comments?post=1735"}],"version-history":[{"count":14,"href":"https:\/\/szachygrodzisk.pl\/index.php\/wp-json\/wp\/v2\/pages\/1735\/revisions"}],"predecessor-version":[{"id":2346,"href":"https:\/\/szachygrodzisk.pl\/index.php\/wp-json\/wp\/v2\/pages\/1735\/revisions\/2346"}],"wp:attachment":[{"href":"https:\/\/szachygrodzisk.pl\/index.php\/wp-json\/wp\/v2\/media?parent=1735"}],"curies":[{"name":"wp","href":"https:\/\/api.w.org\/{rel}","templated":true}]}}