{"id":1797,"date":"2018-06-19T23:09:48","date_gmt":"2018-06-19T21:09:48","guid":{"rendered":"https:\/\/szachygrodzisk.pl\/?page_id=1797"},"modified":"2018-09-04T13:22:58","modified_gmt":"2018-09-04T11:22:58","slug":"internetowy-konkurs-wakacyjny","status":"publish","type":"page","link":"https:\/\/szachygrodzisk.pl\/index.php\/internetowy-konkurs-wakacyjny\/","title":{"rendered":"Internetowy Konkurs Wakacyjny"},"content":{"rendered":"<p>&#8211; Dlaczego przegra\u0142e\u015b?<br \/>\n&#8211; Nie zauwa\u017cy\u0142em wide\u0142ek.<br \/>\nNa Mistrzostwach Mazowsza Junior\u00f3w w Radzyminie takich minidialog\u00f3w w naszej ekipie by\u0142o mn\u00f3stwo. Potrafimy ustawia\u0107 sensowne pozycje, prowadzi\u0107 atak, szuka\u0107 ciekawych idei obronnych a przegrywamy na prostych motywach taktycznych. Ale tak nie musi by\u0107 \ud83d\ude42<\/p>\n<p>Zmys\u0142 taktyczny trenuje si\u0119 poprzez rozwi\u0105zywanie zada\u0144 (motywy, intuicja) oraz przez sam\u0105 gr\u0119 (czujno\u015b\u0107, koncentracja). Tak zrodzi\u0142 si\u0119 pomys\u0142 og\u0142oszenia INTERNETOWEGO KONKURSU WAKACYJNEGO dla zawodnik\u00f3w Szachowej Dw\u00f3jki.<\/p>\n<p>W konkursie korzystamy z darmowego serwera <a href=\"https:\/\/lichess.org\">https:\/\/lichess.org<\/a>. Punktacja w lipcu:<br \/>\na. rozwi\u0105zywanie zada\u0144 &#8211; 1 zadanie = 1 pkt. (niezale\u017cnie od tego, czy rozwi\u0105zanie by\u0142o poprawne),<br \/>\nb. rozegrane partie Classical (tempo 15&#8217;+15&#8243;\/pos.) &#8211; 6 minut gry = 1 pkt. (niezale\u017cnie od liczby, d\u0142ugo\u015bci i wynik\u00f3w partii).<\/p>\n<p>Punktacja w sierpniu:<br \/>\na. rozwi\u0105zywanie zada\u0144 &#8211; 1 zadanie = 1 pkt. &#8211; za zadania mo\u017cna zdoby\u0107 maksymalnie 20 pkt. dziennie<br \/>\nb. rozegrane partie Classical (tempo 15&#8217;+15&#8243;\/pos.) &#8211; 6 minut gry = 2 pkt. (niezale\u017cnie od liczby, d\u0142ugo\u015bci i wynik\u00f3w partii).<\/p>\n<p><a href=\"https:\/\/szachygrodzisk.pl\/wp-content\/uploads\/2018\/06\/konkurs.jpg\"><img fetchpriority=\"high\" decoding=\"async\" class=\"alignright size-large wp-image-1800\" src=\"https:\/\/szachygrodzisk.pl\/wp-content\/uploads\/2018\/06\/konkurs-1024x777.jpg\" alt=\"\" width=\"840\" height=\"637\" srcset=\"https:\/\/szachygrodzisk.pl\/wp-content\/uploads\/2018\/06\/konkurs-1024x777.jpg 1024w, https:\/\/szachygrodzisk.pl\/wp-content\/uploads\/2018\/06\/konkurs-300x228.jpg 300w, https:\/\/szachygrodzisk.pl\/wp-content\/uploads\/2018\/06\/konkurs-768x582.jpg 768w, https:\/\/szachygrodzisk.pl\/wp-content\/uploads\/2018\/06\/konkurs-1200x910.jpg 1200w, https:\/\/szachygrodzisk.pl\/wp-content\/uploads\/2018\/06\/konkurs.jpg 1312w\" sizes=\"(max-width: 840px) 100vw, 840px\" \/><\/a><\/p>\n<p>Aby wzi\u0105\u0107 udzia\u0142 w Konkursie nale\u017cy:<br \/>\n1. za\u0142o\u017cy\u0107 konto na lichess.org (je\u015bli jeszcze si\u0119 nie ma) &#8211; <a href=\"https:\/\/lichess.org\/signup\">https:\/\/lichess.org\/signup<\/a><br \/>\n2. do\u0142\u0105czy\u0107 do klubu Szachowa Dw\u00f3jka &#8211; <a href=\"https:\/\/lichess.org\/team\/szachowa-dwojka\">https:\/\/lichess.org\/team\/szachowa-dwojka<\/a><br \/>\n3. rozwi\u0105zywa\u0107 zadania szachowe (menu Nauka) oraz rozgrywa\u0107 partie tempem Classical &#8211; na komputerze, tablecie, smartphonie \ud83d\ude42<br \/>\nW miar\u0119 mo\u017cliwo\u015bci polecam pos\u0142ugiwanie si\u0119 prawdziw\u0105 szachownic\u0105 z du\u017cymi bierkami. A po ka\u017cdym zadaniu i po ka\u017cdej partii koniecznie analiza &#8211; nie wystarczy zna\u0107 rozwi\u0105zanie czy wygra\u0107 parti\u0119, w treningu najwa\u017cniejsza jest odpowied\u017a na pytanie &#8222;dlaczego?&#8221;.<br \/>\nAby zosta\u0107 sklasyfikowanym, nale\u017cy rozwi\u0105za\u0107 co najmniej 10 zada\u0144 oraz gra\u0107 przez co najmniej godzin\u0119.<\/p>\n<p>Juniorzy Szachowej Dw\u00f3jki, kt\u00f3rzy zdobyli nagrody w Konkursie:<br \/>\n1. miloszKalisz<br \/>\n2. Mati09<br \/>\n3. Mateusz06<br \/>\n4. Dominik_kis<br \/>\n5. MadziaGM<br \/>\n6. TWiktor<br \/>\n7. AniaGM<\/p>\n<table style=\"width: auto;\">\n<tbody style=\"background: #f7f7f7; font-size: 12px;\">\n<tr style=\"background: #ffffff;\">\n<th style=\"text-align: center;\"><\/th>\n<th style=\"text-align: center;\">Login<\/th>\n<th style=\"text-align: center;\">RAZEM<\/th>\n<th style=\"text-align: center;\">Lipiec<\/th>\n<th style=\"text-align: center;\">Zadania<\/th>\n<th style=\"text-align: center;\">Partie<\/th>\n<th style=\"text-align: center;\">Sierpie\u0144<\/th>\n<th style=\"text-align: center;\">Zadania<\/th>\n<th style=\"text-align: center;\">Partie<\/th>\n<\/tr>\n<tr>\n<td style=\"align: right;\">1<\/td>\n<td><a href=\"https:\/\/lichess.org\/@\/I3xPI\">I3xPI<\/a><\/td>\n<td style=\"align: right;\">1866<\/td>\n<td style=\"align: right;\">1049<\/td>\n<td style=\"align: right;\">754<\/td>\n<td style=\"align: right;\">29h 33m<\/td>\n<td style=\"align: right;\">817<\/td>\n<td style=\"align: right;\">365<\/td>\n<td style=\"align: right;\">22h 36m<\/td>\n<\/tr>\n<tr>\n<td style=\"align: right;\">2<\/td>\n<td><a href=\"https:\/\/lichess.org\/@\/miloszKalisz\">miloszKalisz<\/a><\/td>\n<td style=\"align: right;\">710<\/td>\n<td style=\"align: right;\">444<\/td>\n<td style=\"align: right;\">423<\/td>\n<td style=\"align: right;\">2h 8m<\/td>\n<td style=\"align: right;\">266<\/td>\n<td style=\"align: right;\">154<\/td>\n<td style=\"align: right;\">5h 36m<\/td>\n<\/tr>\n<tr>\n<td style=\"align: right;\">3<\/td>\n<td><a href=\"https:\/\/lichess.org\/@\/Zosia2a\">Zosia2a<\/a><\/td>\n<td style=\"align: right;\">553<\/td>\n<td style=\"align: right;\">306<\/td>\n<td style=\"align: right;\">132<\/td>\n<td style=\"align: right;\">17h 27m<\/td>\n<td style=\"align: right;\">247<\/td>\n<td style=\"align: right;\">43<\/td>\n<td style=\"align: right;\">10h 15m<\/td>\n<\/tr>\n<tr>\n<td style=\"align: right;\">4<\/td>\n<td><a href=\"https:\/\/lichess.org\/@\/NataliaGM\">NataliaGM<\/a><\/td>\n<td style=\"align: right;\">518<\/td>\n<td style=\"align: right;\">80<\/td>\n<td style=\"align: right;\">12<\/td>\n<td style=\"align: right;\">6h 48m<\/td>\n<td style=\"align: right;\">438<\/td>\n<td style=\"align: right;\">44<\/td>\n<td style=\"align: right;\">19h 43m<\/td>\n<\/tr>\n<tr>\n<td style=\"align: right;\">5<\/td>\n<td><a href=\"https:\/\/lichess.org\/@\/Mateusz06\">Mateusz06<\/a><\/td>\n<td style=\"align: right;\">512<\/td>\n<td style=\"align: right;\">154<\/td>\n<td style=\"align: right;\">88<\/td>\n<td style=\"align: right;\">6h 38m<\/td>\n<td style=\"align: right;\">358<\/td>\n<td style=\"align: right;\">126<\/td>\n<td style=\"align: right;\">11h 41m<\/td>\n<\/tr>\n<tr>\n<td style=\"align: right;\">6<\/td>\n<td><a href=\"https:\/\/lichess.org\/@\/Mati09\">Mati09<\/a><\/td>\n<td style=\"align: right;\">492<\/td>\n<td style=\"align: right;\">282<\/td>\n<td style=\"align: right;\">254<\/td>\n<td style=\"align: right;\">2h 52m<\/td>\n<td style=\"align: right;\">210<\/td>\n<td style=\"align: right;\">144<\/td>\n<td style=\"align: right;\">3h 20m<\/td>\n<\/tr>\n<tr>\n<td style=\"align: right;\">7<\/td>\n<td><a href=\"https:\/\/lichess.org\/@\/Dominik_kis\">Dominik_kis<\/a><\/td>\n<td style=\"align: right;\">251<\/td>\n<td style=\"align: right;\">117<\/td>\n<td style=\"align: right;\">92<\/td>\n<td style=\"align: right;\">2h 31m<\/td>\n<td style=\"align: right;\">134<\/td>\n<td style=\"align: right;\">98<\/td>\n<td style=\"align: right;\">1h 51m<\/td>\n<\/tr>\n<tr>\n<td style=\"align: right;\">8<\/td>\n<td><a href=\"https:\/\/lichess.org\/@\/trenerGM\">trenerGM<\/a><\/td>\n<td style=\"align: right;\">220<\/td>\n<td style=\"align: right;\">74<\/td>\n<td style=\"align: right;\">64<\/td>\n<td style=\"align: right;\">1h 3m<\/td>\n<td style=\"align: right;\">146<\/td>\n<td style=\"align: right;\">130<\/td>\n<td style=\"align: right;\">0h 48m<\/td>\n<\/tr>\n<tr>\n<td style=\"align: right;\">9<\/td>\n<td><a href=\"https:\/\/lichess.org\/@\/MadziaGM\">MadziaGM<\/a><\/td>\n<td style=\"align: right;\">141<\/td>\n<td style=\"align: right;\">[10]<\/td>\n<td style=\"align: right;\">10<\/td>\n<td style=\"align: right;\">0h 0m<\/td>\n<td style=\"align: right;\">131<\/td>\n<td style=\"align: right;\">69<\/td>\n<td style=\"align: right;\">3h 9m<\/td>\n<\/tr>\n<tr>\n<td style=\"align: right;\">10<\/td>\n<td><a href=\"https:\/\/lichess.org\/@\/TWiktor\">TWiktor<\/a><\/td>\n<td style=\"align: right;\">127<\/td>\n<td style=\"align: right;\">[58]<\/td>\n<td style=\"align: right;\">58<\/td>\n<td style=\"align: right;\">0h 0m<\/td>\n<td style=\"align: right;\">69<\/td>\n<td style=\"align: right;\">25<\/td>\n<td style=\"align: right;\">2h 13m<\/td>\n<\/tr>\n<tr>\n<td style=\"align: right;\">11<\/td>\n<td><a href=\"https:\/\/lichess.org\/@\/AniaGM\">AniaGM<\/a><\/td>\n<td style=\"align: right;\">115<\/td>\n<td style=\"align: right;\">[14]<\/td>\n<td style=\"align: right;\">9<\/td>\n<td style=\"align: right;\">0h 34m<\/td>\n<td style=\"align: right;\">101<\/td>\n<td style=\"align: right;\">43<\/td>\n<td style=\"align: right;\">2h 54m<\/td>\n<\/tr>\n<tr>\n<td style=\"align: right;\">12<\/td>\n<td><a href=\"https:\/\/lichess.org\/@\/Kuba_Tashi\">Kuba_Tashi<\/a><\/td>\n<td style=\"align: right;\">27<\/td>\n<td style=\"align: right;\">27<\/td>\n<td style=\"align: right;\">15<\/td>\n<td style=\"align: right;\">1h 12m<\/td>\n<td style=\"align: right;\">0<\/td>\n<td style=\"align: right;\">0<\/td>\n<td style=\"align: right;\">0h 0m<\/td>\n<\/tr>\n<\/tbody>\n<\/table>\n","protected":false},"excerpt":{"rendered":"<p>&#8211; Dlaczego przegra\u0142e\u015b? &#8211; Nie zauwa\u017cy\u0142em wide\u0142ek. Na Mistrzostwach Mazowsza Junior\u00f3w w Radzyminie takich minidialog\u00f3w w naszej ekipie by\u0142o mn\u00f3stwo. Potrafimy ustawia\u0107 sensowne pozycje, prowadzi\u0107 atak, szuka\u0107 ciekawych idei obronnych a przegrywamy na prostych motywach taktycznych. Ale tak nie musi by\u0107 \ud83d\ude42 Zmys\u0142 taktyczny trenuje si\u0119 poprzez rozwi\u0105zywanie zada\u0144 (motywy, intuicja) oraz przez sam\u0105 gr\u0119 (czujno\u015b\u0107, koncentracja). Tak zrodzi\u0142 si\u0119 pomys\u0142 og\u0142oszenia INTERNETOWEGO KONKURSU WAKACYJNEGO dla zawodnik\u00f3w Szachowej Dw\u00f3jki. W konkursie korzystamy z darmowego serwera https:\/\/lichess.org. Punktacja w lipcu: a. rozwi\u0105zywanie zada\u0144 &#8211; 1 zadanie = 1 pkt. (niezale\u017cnie od tego, czy rozwi\u0105zanie by\u0142o poprawne), b. rozegrane partie Classical (tempo&hellip;<\/p>\n<p> <a class=\"more-link\" href=\"https:\/\/szachygrodzisk.pl\/index.php\/internetowy-konkurs-wakacyjny\/\">Dowiedz si\u0119 wi\u0119cej<\/a><\/p>\n","protected":false},"author":2,"featured_media":0,"parent":0,"menu_order":0,"comment_status":"closed","ping_status":"closed","template":"","meta":{"_monsterinsights_skip_tracking":false,"_monsterinsights_sitenote_active":false,"_monsterinsights_sitenote_note":"","_monsterinsights_sitenote_category":0,"footnotes":""},"class_list":["post-1797","page","type-page","status-publish"],"_links":{"self":[{"href":"https:\/\/szachygrodzisk.pl\/index.php\/wp-json\/wp\/v2\/pages\/1797","targetHints":{"allow":["GET"]}}],"collection":[{"href":"https:\/\/szachygrodzisk.pl\/index.php\/wp-json\/wp\/v2\/pages"}],"about":[{"href":"https:\/\/szachygrodzisk.pl\/index.php\/wp-json\/wp\/v2\/types\/page"}],"author":[{"embeddable":true,"href":"https:\/\/szachygrodzisk.pl\/index.php\/wp-json\/wp\/v2\/users\/2"}],"replies":[{"embeddable":true,"href":"https:\/\/szachygrodzisk.pl\/index.php\/wp-json\/wp\/v2\/comments?post=1797"}],"version-history":[{"count":39,"href":"https:\/\/szachygrodzisk.pl\/index.php\/wp-json\/wp\/v2\/pages\/1797\/revisions"}],"predecessor-version":[{"id":1882,"href":"https:\/\/szachygrodzisk.pl\/index.php\/wp-json\/wp\/v2\/pages\/1797\/revisions\/1882"}],"wp:attachment":[{"href":"https:\/\/szachygrodzisk.pl\/index.php\/wp-json\/wp\/v2\/media?parent=1797"}],"curies":[{"name":"wp","href":"https:\/\/api.w.org\/{rel}","templated":true}]}}