{"id":2106,"date":"2019-02-06T21:13:26","date_gmt":"2019-02-06T20:13:26","guid":{"rendered":"https:\/\/szachygrodzisk.pl\/?page_id=2106"},"modified":"2019-08-09T15:13:15","modified_gmt":"2019-08-09T13:13:15","slug":"oboz-wakacyjny-2019","status":"publish","type":"page","link":"https:\/\/szachygrodzisk.pl\/index.php\/oboz-wakacyjny-2019\/","title":{"rendered":"Ob\u00f3z wakacyjny 2019"},"content":{"rendered":"<p>Od pocz\u0105tku istnienia Szachowej Dw\u00f3jki planowali\u015bmy organizowa\u0107 obozy. Dotychczas by\u0142y pomys\u0142y, ale zawsze czego\u015b brakowa\u0142o. I wreszcie: uda\u0142o si\u0119 zarezerwowa\u0107 o\u015brodek sprawdzony wielokrotnie przez zaprzyja\u017anionego organizatora, znale\u017ali si\u0119 opiekunowie z ogromnym do\u015bwiadczeniem pracy z dzie\u0107mi. A \u017ce jak ju\u017c co\u015b robimy, to na maksa &#8211; b\u0119dzie to najlepszy ob\u00f3z szachowy na \u015bwiecie \ud83d\ude42<\/p>\n<p>Termin: 12-22 sierpnia 2019 r.<br \/>\nMiejsce: <a href=\"http:\/\/starekalensko.pl\/page.php\/1\/0\/news\/\">OSiR Stare Kale\u00f1sko<\/a> (domki w standardzie kolonijno-obozowym &#8211; <a href=\"http:\/\/starekalensko.pl\/page.php\/1\/0\/show\/000038\/\">zdj\u0119cia<\/a>)<br \/>\nUczestnicy: dzieci w wieku szkolnym z minimum V kategori\u0105 szachow\u0105<\/p>\n<p>Program szachowy:<br \/>\n&#8211; codzienne szkolenie szachowe 60-90 minut w grupach 8-12 os\u00f3b zgodnie z poziomem gry,<br \/>\n&#8211; codzienna gra w szachy, w tym turniej szach\u00f3w szybkich z pucharami i medalami tempem gry Mistrzostw Polski Junior\u00f3w w szachach szybkich: 15&#8242; na parti\u0119 plus 10&#8243; na posuni\u0119cie,<br \/>\n&#8211; ciekawostki szachowe: historia wielkich mistrz\u00f3w, konkursy.<\/p>\n<p>Pozosta\u0142e atrakcje:<br \/>\n&#8211; wycieczka do <a href=\"http:\/\/www.czaplinek.pl\/katalog\/e-turystyka\/atrakcje-turystyczne\/%C5%BCelis%C5%82awski-zapiecek\">\u017belis\u0142awskiego Zapiecka<\/a>,<br \/>\n&#8211; wycieczka kajakami po Jeziorze Kale\u0144sko,<br \/>\n&#8211; zaj\u0119cia \u017ceglarskie i wycieczka \u017cagl\u00f3wk\u0105,<br \/>\n&#8211; p\u0142ywanie na deskach z wios\u0142em SUP,<br \/>\n&#8211; \u015bcianka wspinaczkowa i miasteczko linowe (pod nadzorem instruktora),<br \/>\n&#8211; ognisko z kie\u0142baskami,<br \/>\n&#8211; zaj\u0119cia z j\u0119zyka angielskiego \ud83c\uddec\ud83c\udde7,<br \/>\n&#8211; zaj\u0119cia rekreacyjne i sportowe,<br \/>\n&#8211; pla\u017cowanie i k\u0105piele w jeziorze.<\/p>\n<p>Zapewniamy transport z\/do Grodziska Mazowieckiego<br \/>\nSzachowa koszulka, bidon i czapeczka dla ka\u017cdego uczestnika<br \/>\nDla dzieci urodzonych w latach 2011-2013 istnieje mo\u017cliwo\u015b\u0107 wyjazdu z rodzin\u0105<\/p>\n<p>Szczeg\u00f3\u0142owe informacje: J. Kici\u0144ski, tel. 511 834 619, email: <a href=\"mailto:jkicinski@szachygrodzisk.pl\">jkicinski@szachygrodzisk.pl<\/a><\/p>\n<p><a href=\"https:\/\/szachygrodzisk.pl\/wp-content\/uploads\/2019\/03\/Plakat-oboz2-LR.jpg\"><img fetchpriority=\"high\" decoding=\"async\" class=\"aligncenter size-large wp-image-2176\" src=\"https:\/\/szachygrodzisk.pl\/wp-content\/uploads\/2019\/03\/Plakat-oboz2-LR-724x1024.jpg\" alt=\"\" width=\"724\" height=\"1024\" srcset=\"https:\/\/szachygrodzisk.pl\/wp-content\/uploads\/2019\/03\/Plakat-oboz2-LR-724x1024.jpg 724w, https:\/\/szachygrodzisk.pl\/wp-content\/uploads\/2019\/03\/Plakat-oboz2-LR-212x300.jpg 212w, https:\/\/szachygrodzisk.pl\/wp-content\/uploads\/2019\/03\/Plakat-oboz2-LR-768x1086.jpg 768w, https:\/\/szachygrodzisk.pl\/wp-content\/uploads\/2019\/03\/Plakat-oboz2-LR-1200x1697.jpg 1200w, https:\/\/szachygrodzisk.pl\/wp-content\/uploads\/2019\/03\/Plakat-oboz2-LR.jpg 1240w\" sizes=\"(max-width: 724px) 100vw, 724px\" \/><\/a><\/p>\n","protected":false},"excerpt":{"rendered":"<p>Od pocz\u0105tku istnienia Szachowej Dw\u00f3jki planowali\u015bmy organizowa\u0107 obozy. Dotychczas by\u0142y pomys\u0142y, ale zawsze czego\u015b brakowa\u0142o. I wreszcie: uda\u0142o si\u0119 zarezerwowa\u0107 o\u015brodek sprawdzony wielokrotnie przez zaprzyja\u017anionego organizatora, znale\u017ali si\u0119 opiekunowie z ogromnym do\u015bwiadczeniem pracy z dzie\u0107mi. A \u017ce jak ju\u017c co\u015b robimy, to na maksa &#8211; b\u0119dzie to najlepszy ob\u00f3z szachowy na \u015bwiecie \ud83d\ude42 Termin: 12-22 sierpnia 2019 r. Miejsce: OSiR Stare Kale\u00f1sko (domki w standardzie kolonijno-obozowym &#8211; zdj\u0119cia) Uczestnicy: dzieci w wieku szkolnym z minimum V kategori\u0105 szachow\u0105 Program szachowy: &#8211; codzienne szkolenie szachowe 60-90 minut w grupach 8-12 os\u00f3b zgodnie z poziomem gry, &#8211; codzienna gra w szachy, w&hellip;<\/p>\n<p> <a class=\"more-link\" href=\"https:\/\/szachygrodzisk.pl\/index.php\/oboz-wakacyjny-2019\/\">Dowiedz si\u0119 wi\u0119cej<\/a><\/p>\n","protected":false},"author":2,"featured_media":0,"parent":0,"menu_order":0,"comment_status":"closed","ping_status":"closed","template":"","meta":{"_monsterinsights_skip_tracking":false,"_monsterinsights_sitenote_active":false,"_monsterinsights_sitenote_note":"","_monsterinsights_sitenote_category":0,"footnotes":""},"class_list":["post-2106","page","type-page","status-publish"],"_links":{"self":[{"href":"https:\/\/szachygrodzisk.pl\/index.php\/wp-json\/wp\/v2\/pages\/2106","targetHints":{"allow":["GET"]}}],"collection":[{"href":"https:\/\/szachygrodzisk.pl\/index.php\/wp-json\/wp\/v2\/pages"}],"about":[{"href":"https:\/\/szachygrodzisk.pl\/index.php\/wp-json\/wp\/v2\/types\/page"}],"author":[{"embeddable":true,"href":"https:\/\/szachygrodzisk.pl\/index.php\/wp-json\/wp\/v2\/users\/2"}],"replies":[{"embeddable":true,"href":"https:\/\/szachygrodzisk.pl\/index.php\/wp-json\/wp\/v2\/comments?post=2106"}],"version-history":[{"count":12,"href":"https:\/\/szachygrodzisk.pl\/index.php\/wp-json\/wp\/v2\/pages\/2106\/revisions"}],"predecessor-version":[{"id":2344,"href":"https:\/\/szachygrodzisk.pl\/index.php\/wp-json\/wp\/v2\/pages\/2106\/revisions\/2344"}],"wp:attachment":[{"href":"https:\/\/szachygrodzisk.pl\/index.php\/wp-json\/wp\/v2\/media?parent=2106"}],"curies":[{"name":"wp","href":"https:\/\/api.w.org\/{rel}","templated":true}]}}