{"id":3055,"date":"2020-06-18T16:47:46","date_gmt":"2020-06-18T14:47:46","guid":{"rendered":"https:\/\/szachygrodzisk.pl\/?page_id=3055"},"modified":"2020-06-18T16:47:47","modified_gmt":"2020-06-18T14:47:47","slug":"szachowa-liga-mlodych-talentow-2020-zasady-orig","status":"publish","type":"page","link":"https:\/\/szachygrodzisk.pl\/index.php\/szachowa-liga-mlodych-talentow-2020-zasady-orig\/","title":{"rendered":"Szachowa Liga M\u0142odych Talent\u00f3w 2020 &#8211; zasady"},"content":{"rendered":"\n<p><strong><span class=\"has-inline-color has-pale-pink-color\">Poni\u017cej zasady Szachowej Ligi M\u0142odych Talent\u00f3w 2020 w wersji sprzed pandemii COVID-19<\/span><\/strong><\/p>\n\n\n\n<h5 class=\"wp-block-heading\">1. Cele zawod\u00f3w<\/h5>\n\n\n\n<p>Popularyzacja gry w szachy w Grodzisku Mazowieckim i okolicach<br>Umo\u017cliwienie dzieciom wzi\u0119cia udzia\u0142u w rywalizacji turniejowej, zw\u0142aszcza tym, kt\u00f3re jeszcze nie startowa\u0142y w turniejach szachowych a ucz\u0119szczaj\u0105 na zaj\u0119cia w szko\u0142ach i przedszkolach prowadzone lub wspierane przez Szachow\u0105 Dw\u00f3jk\u0119<br>Wy\u0142onienie najlepszych m\u0142odych szachist\u00f3w<\/p>\n\n\n\n<h5 class=\"wp-block-heading\">2. Organizatorzy<\/h5>\n\n\n\n<p>Przedszkole Nr 4 z Oddzia\u0142ami Integracyjnymi im. Kr\u00f3la Maciusia Pierwszego w Grodzisku Mazowieckim<br>Uczniowski Klub Sportowy Szachowa Dw\u00f3jka Grodzisk Mazowiecki<\/p>\n\n\n\n<p>Partnerzy:<br>Przedszkole Niepubliczne Si\u00f3str Opatrzno\u015bci Bo\u017cej im. Anio\u0142\u00f3w Str\u00f3\u017c\u00f3w w Grodzisku Mazowieckim<br>Szko\u0142a Podstawowa Nr 2 im. Marii Konopnickiej w Grodzisku Mazowieckim<\/p>\n\n\n\n<h5 class=\"wp-block-heading\">3. Program zawod\u00f3w<\/h5>\n\n\n\n<p>Cykl rozgrywek sk\u0142ada si\u0119 z 4 lokalnych turniej\u00f3w Ligi odbywaj\u0105cych si\u0119 w soboty oraz 2 turniej\u00f3w weekendowych Szachowej Dw\u00f3jki:<br>\u2714\ufe0f <em>18 stycznia 2020 r.<\/em> w Przedszkolu Nr 4 ul. G\u00f3rna 12<br>\u2714\ufe0f <em>1-2 lutego 2020 r.<\/em> <strong>III Turniej Zimowy<\/strong> w Szkole Podstawowej Nr 2 &#8211; grupa dzieci\u0119ca gra w niedziel\u0119<br>\u2714\ufe0f <em>29 lutego 2020 r.<\/em> w Przedszkolu Si\u00f3str Opatrzno\u015bci Bo\u017cej ul. Okr\u0119\u017cna 33<br>\u2714\ufe0f <em>21 marca 2020 r.<\/em> (miejsce do potwierdzenia)<br>\u2714\ufe0f <em>18-19 kwietnia 2020 r.<\/em> <strong>Czwarte Urodziny Szachowej Dw\u00f3jki<\/strong> w Szkole Podstawowej Nr 2 &#8211; grupa dzieci\u0119ca gra w niedziel\u0119<br>\u2714\ufe0f <em>maj 2020 r.<\/em> w Przedszkolu Nr 4 ul. G\u00f3rna 12<\/p>\n\n\n\n<p>Harmonogram sobotnich turniej\u00f3w Ligi oraz niedzielnych grup dzieci\u0119cych w turniejach w SP nr 2:<br>\u2022 do 9:45 potwierdzanie uczestnictwa<br>\u2022 10:00 rozpocz\u0119cie I rundy<br>\u2022 ok. 14:30 zako\u0144czenie<\/p>\n\n\n\n<h5 class=\"wp-block-heading\">4. System rozgrywek<\/h5>\n\n\n\n<p>Turniej rozgrywany jest w trzech grupach:<br>\u2022 grupa A: 8 zawodnik\u00f3w, system ko\u0142owy (ka\u017cdy z ka\u017cdym), 15 minut na parti\u0119 dla zawodnika plus 5 sekund dodawane po ka\u017cdym posuni\u0119ciu,<br>\u2022 grupa B: pozostali zawodnicy z kategoriami oraz awansuj\u0105cy z grupy C, system szwajcarski, 7 rund, 15 minut na parti\u0119 dla zawodnika.<br>\u2022 grupa C: zawodnicy bez kategorii,  system szwajcarski, 7 rund, 15 minut na parti\u0119 dla zawodnika <\/p>\n\n\n\n<p>Punktacja:<br>\u2022 1 punkt &#8211; zwyci\u0119stwo, wygrana walkowerem, pauza,<br>\u2022 0,5 punktu &#8211; remis,<br>\u2022 0 punkt\u00f3w &#8211; przegrana, oddanie walkowera.<br>W przypadku r\u00f3wnej liczby punkt\u00f3w o miejscu w klasyfikacji ko\u0144cowej turnieju decyduj\u0105:<br>\u2022 w grupie A: Sonnenborg-Berger, Koya, bezpo\u015bredni pojedynek,<br>\u2022 w grupach B i C: Buchholz zredukowany 1, pe\u0142ny Buchholz, liczba zwyci\u0119stw, progres.<\/p>\n\n\n\n<p>G\u0142\u00f3wne za\u0142o\u017cenia do tworzenia list startowych grup:<br>\u2022 grupa A: miejsca I-V z grupy A w poprzednim turnieju, miejsca I-III z grupy B w poprzednim turnieju,<br>\u2022 grupa B: miejsca VI-VIII z grupy A w poprzednim turnieju, miejsca od IV z grupy B w poprzednim turnieju, zawodnicy, kt\u00f3rzy chocia\u017c raz byli na miejscach I-III w grupie C,<br>\u2022 grupa C: zawodnicy bez kategorii, kt\u00f3rzy nie zaj\u0119li miejsc I-III w poprzednich turniejach.<\/p>\n\n\n\n<p>Lista startowa dla pierwszego turnieju jest tworzona na podstawie kategorii szachowych i dat urodzenia. O miejscu umieszczenia na li\u015bcie startowej zawodnik\u00f3w nieobecnych na poprzednim turnieju decyduj\u0105 organizatorzy.<\/p>\n\n\n\n<h5 class=\"wp-block-heading\">5. Klasyfikacja generalna<\/h5>\n\n\n\n<p>W klasyfikacji generalnej licz\u0105 si\u0119 punkty uzyskane przez zawodnika w danym turnieju oraz premia za udzia\u0142: w grupie A &#8211; 8 pkt., w grupie B &#8211; 5 pkt., w grupie C &#8211; 3,5 pkt. Gwarantowana minimalna liczba punkt\u00f3w  w grupie A: 10 pkt. Za ka\u017cdy oddany walkower odejmuje si\u0119 0,5 pkt.<\/p>\n\n\n\n<p>W klasyfikacji generalnej licz\u0105 si\u0119 r\u00f3wnie\u017c punkty z turniej\u00f3w weekendowych oraz premia za udzia\u0142: w grupie FIDE &#8211; 9,5 pkt., w grupie B &#8211; 7,5 pkt., w grupie D (turniej dzieci\u0119cy) &#8211; 3,5 pkt. Dodatkowy 1 punkt otrzymuj\u0105 zawodnicy, kt\u00f3rzy zdob\u0119d\u0105 lub podwy\u017csz\u0105 kategori\u0119 szachow\u0105.<\/p>\n\n\n\n<p>W klasyfikacji ko\u0144cowej liczy si\u0119 5 najlepszych wynik\u00f3w zawodnika (odrzuca si\u0119 wynik najs\u0142abszy). W przypadku r\u00f3wnej liczby punkt\u00f3w bierze si\u0119 pod uwag\u0119 liczb\u0119 wyst\u0119p\u00f3w w wy\u017cszych grupach.<\/p>\n\n\n\n<h5 class=\"wp-block-heading\">6. Warunki uczestnictwa<\/h5>\n\n\n\n<p>W Lidze mog\u0105 bra\u0107 udzia\u0142 dzieci urodzone w roku 2009 i m\u0142odsze zamieszka\u0142e w Grodzisku Mazowieckim i okolicach.<br> Udzia\u0142 w 4 turniejach Ligi jest bezp\u0142atny. W turniejach weekendowych uczestnicy Ligi otrzymuj\u0105 zni\u017ck\u0119.<br> Do turnieju nale\u017cy zg\u0142asza\u0107 si\u0119:<br>\u2022 mailem na adres <a href=\"mailto:klub@szachygrodzisk.pl\">liga@szachygrodzisk.pl<\/a> \u2013 nale\u017cy poda\u0107 imi\u0119, nazwisko, klub lub miejscowo\u015b\u0107, kategori\u0119 szachow\u0105 (o ile si\u0119 posiada) oraz pe\u0142n\u0105 dat\u0119 urodzenia lub<br>\u2022 osobi\u015bcie na zaj\u0119ciach Szachowej Dw\u00f3jki.<\/p>\n\n\n\n<p><strong>Zg\u0142oszenia do wtorku w tygodniu, w kt\u00f3rym odbywa si\u0119 dany turniej<\/strong><\/p>\n\n\n\n<h5 class=\"wp-block-heading\">7. Nagrody<\/h5>\n\n\n\n<p>W ka\u017cdym turnieju miejsca I-III we wszystkich grupach otrzymuj\u0105 puchary, miejsca I-III w klasyfikacjach wiekowych (2009-10, 2011, 2012, 2013, 2014+) oraz w klasyfikacji dziewcz\u0105t &#8211; medale. Wszyscy uczestnicy zg\u0142oszeni w terminie otrzymuj\u0105 drobne upominki.<\/p>\n\n\n\n<p>Indywidualna klasyfikacja ko\u0144cowa:<br>\u2022 puchary za miejsca I-VI<br>\u2022 puchar dla najlepszej zawodniczki<br>\u2022 puchary za miejsca I-III w klasyfikacji urodzonych w roku 2011<br>\u2022 puchary za miejsca I-III w klasyfikacji urodzonych w roku 2012<br>\u2022 puchary za miejsca I-III w klasyfikacji urodzonych w roku 2013<br>\u2022 puchar za I miejsce w klasyfikacji ur. w 2014 r. i m\u0142odszych<\/p>\n\n\n\n<p>Wszyscy uczestnicy co najmniej 5 z 6 turniej\u00f3w otrzymuj\u0105 pami\u0105tkowe medale.<\/p>\n\n\n\n<h5 class=\"wp-block-heading\">8. Inne<\/h5>\n\n\n\n<p>Opiek\u0119 nad zawodnikami sprawuj\u0105 rodzice lub doro\u015bli opiekunowie.<br>Zawodnik\u00f3w obowi\u0105zuje zmiana obuwia.<br>Zawodnicy ubezpieczaj\u0105 si\u0119 we w\u0142asnym zakresie.<br>Na sali gry obowi\u0105zuje ca\u0142kowity zakaz u\u017cywania telefon\u00f3w kom\u00f3rkowych.<br>Udzia\u0142 w zawodach oznacza zgod\u0119 na wykorzystanie wizerunku i danych osobowych do realizacji dzia\u0142a\u0144 statutowych Organizator\u00f3w.<br>O wszelkich sprawach nieuj\u0119tych w niniejszym regulaminie decyduj\u0105 Organizatorzy.<br>Organizatorzy zastrzegaj\u0105 sobie prawo wprowadzania zmian w niniejszym regulaminie.<\/p>\n\n\n\n<p>Kontakt: Rafa\u0142 Daniszewski, tel. 502 656 392, <a href=\"mailto:liga@szachygrodzisk.pl\">liga@szachygrodzisk.pl<\/a><\/p>\n","protected":false},"excerpt":{"rendered":"<p>Poni\u017cej zasady Szachowej Ligi M\u0142odych Talent\u00f3w 2020 w wersji sprzed pandemii COVID-19 1. Cele zawod\u00f3w Popularyzacja gry w szachy w Grodzisku Mazowieckim i okolicachUmo\u017cliwienie dzieciom wzi\u0119cia udzia\u0142u w rywalizacji turniejowej, zw\u0142aszcza tym, kt\u00f3re jeszcze nie startowa\u0142y w turniejach szachowych a ucz\u0119szczaj\u0105 na zaj\u0119cia w szko\u0142ach i przedszkolach prowadzone lub wspierane przez Szachow\u0105 Dw\u00f3jk\u0119Wy\u0142onienie najlepszych m\u0142odych szachist\u00f3w 2. Organizatorzy Przedszkole Nr 4 z Oddzia\u0142ami Integracyjnymi im. Kr\u00f3la Maciusia Pierwszego w Grodzisku MazowieckimUczniowski Klub Sportowy Szachowa Dw\u00f3jka Grodzisk Mazowiecki Partnerzy:Przedszkole Niepubliczne Si\u00f3str Opatrzno\u015bci Bo\u017cej im. Anio\u0142\u00f3w Str\u00f3\u017c\u00f3w w Grodzisku MazowieckimSzko\u0142a Podstawowa Nr 2 im. Marii Konopnickiej w Grodzisku Mazowieckim 3. Program zawod\u00f3w&hellip;<\/p>\n<p> <a class=\"more-link\" href=\"https:\/\/szachygrodzisk.pl\/index.php\/szachowa-liga-mlodych-talentow-2020-zasady-orig\/\">Dowiedz si\u0119 wi\u0119cej<\/a><\/p>\n","protected":false},"author":2,"featured_media":0,"parent":0,"menu_order":0,"comment_status":"closed","ping_status":"closed","template":"","meta":{"_monsterinsights_skip_tracking":false,"_monsterinsights_sitenote_active":false,"_monsterinsights_sitenote_note":"","_monsterinsights_sitenote_category":0,"footnotes":""},"class_list":["post-3055","page","type-page","status-publish"],"_links":{"self":[{"href":"https:\/\/szachygrodzisk.pl\/index.php\/wp-json\/wp\/v2\/pages\/3055","targetHints":{"allow":["GET"]}}],"collection":[{"href":"https:\/\/szachygrodzisk.pl\/index.php\/wp-json\/wp\/v2\/pages"}],"about":[{"href":"https:\/\/szachygrodzisk.pl\/index.php\/wp-json\/wp\/v2\/types\/page"}],"author":[{"embeddable":true,"href":"https:\/\/szachygrodzisk.pl\/index.php\/wp-json\/wp\/v2\/users\/2"}],"replies":[{"embeddable":true,"href":"https:\/\/szachygrodzisk.pl\/index.php\/wp-json\/wp\/v2\/comments?post=3055"}],"version-history":[{"count":1,"href":"https:\/\/szachygrodzisk.pl\/index.php\/wp-json\/wp\/v2\/pages\/3055\/revisions"}],"predecessor-version":[{"id":3056,"href":"https:\/\/szachygrodzisk.pl\/index.php\/wp-json\/wp\/v2\/pages\/3055\/revisions\/3056"}],"wp:attachment":[{"href":"https:\/\/szachygrodzisk.pl\/index.php\/wp-json\/wp\/v2\/media?parent=3055"}],"curies":[{"name":"wp","href":"https:\/\/api.w.org\/{rel}","templated":true}]}}