{"id":485,"date":"2016-04-21T15:46:22","date_gmt":"2016-04-21T13:46:22","guid":{"rendered":"https:\/\/szachygrodzisk.pl\/?page_id=485"},"modified":"2023-10-09T14:07:31","modified_gmt":"2023-10-09T12:07:31","slug":"dolacz-do-nas","status":"publish","type":"page","link":"https:\/\/szachygrodzisk.pl\/index.php\/dolacz-do-nas\/","title":{"rendered":"Do\u0142\u0105cz do nas"},"content":{"rendered":"<p>Sporo zosta\u0142o ju\u017c powiedziane i napisane na temat <a href=\"https:\/\/www.google.com\/search?q=warto+gra%C4%87+w+szachy\" target=\"_blank\" rel=\"noopener noreferrer\">warto gra\u0107 w szachy<\/a>. Tych, kt\u00f3rzy chc\u0105 podnosi\u0107 swoje umiej\u0119tno\u015bci i wsp\u00f3\u0142tworzy\u0107 ekip\u0119 <strong>Szachowej Dw\u00f3jki<\/strong>, zapraszamy do wst\u0105pienia na naszego Klubu. Korzy\u015bci zwi\u0105zane z przynale\u017cno\u015bci\u0105 do Szachowej Dw\u00f3jki:<br \/>\n\u2600\ufe0f niekt\u00f3re zaj\u0119cia (i inne projekty) s\u0105 dost\u0119pne wy\u0142\u0105cznie dla cz\u0142onk\u00f3w, w innych grupach cz\u0142onkowie maj\u0105 zni\u017cki w op\u0142atach za zaj\u0119cia,<br \/>\n\u2600\ufe0f cz\u0142onkowie maj\u0105 zni\u017cki na wpisowe w naszych turniejach, zapewniamy dodatkowe nagrody dla naszych zawodnik\u00f3w,<br \/>\n\u2600\ufe0f Klub organizuje i finansuje udzia\u0142 w turniejach poza Grodziskiem Maz., zw\u0142aszcza w Mistrzostwach Polski Junior\u00f3w,<br \/>\n\u2600\ufe0f najlepsi maj\u0105 mo\u017cliwo\u015b\u0107 reprezentowania Klubu we wsp\u00f3\u0142zawodnictwie dru\u017cynowym na poziomie wojew\u00f3dzkim i og\u00f3lnopolskim.<\/p>\n<p>Szachowa Dw\u00f3jka to g\u0142\u00f3wnie osoby z Grodziska Mazowieckiego i okolic. Jednak miejsce zamieszkania nie stanowi przeszkody w przynale\u017cno\u015bci do naszego Klubu &#8211; niekt\u00f3rzy doje\u017cd\u017caj\u0105 na nasze zaj\u0119cia nawet po kilkadziesi\u0105t kilometr\u00f3w. Poza tym oferta Klubu jest atrakcyjna dla utalentowanych junior\u00f3w: mo\u017cna ograniczy\u0107 si\u0119 do zaj\u0119\u0107 weekendowych czy online, ale korzysta\u0107 ze wsparcia finansowego i merytorycznego oraz z opieki wychowawczej w kontek\u015bcie turniejowym.<\/p>\n<p>Aby zosta\u0107 cz\u0142onkiem <strong>UKS Szachowa Dw\u00f3jka Grodzisk Maz.<\/strong> nale\u017cy:<br \/>\n1. wydrukowa\u0107 i wype\u0142ni\u0107 <a href=\"\/Klub\/deklaracja_czlonkowska.pdf\">deklaracj\u0119 cz\u0142onkowsk\u0105<\/a>,<br \/>\n2. przekaza\u0107 deklaracj\u0119 Zarz\u0105dowi Klubu,<br \/>\n3. wp\u0142aci\u0107 na konto Klubu \u201ewpisowe\u201d oraz pierwsz\u0105 sk\u0142adk\u0119 cz\u0142onkowsk\u0105.<\/p>\n","protected":false},"excerpt":{"rendered":"<p>Sporo zosta\u0142o ju\u017c powiedziane i napisane na temat warto gra\u0107 w szachy. Tych, kt\u00f3rzy chc\u0105 podnosi\u0107 swoje umiej\u0119tno\u015bci i wsp\u00f3\u0142tworzy\u0107 ekip\u0119 Szachowej Dw\u00f3jki, zapraszamy do wst\u0105pienia na naszego Klubu. Korzy\u015bci zwi\u0105zane z przynale\u017cno\u015bci\u0105 do Szachowej Dw\u00f3jki: \u2600\ufe0f niekt\u00f3re zaj\u0119cia (i inne projekty) s\u0105 dost\u0119pne wy\u0142\u0105cznie dla cz\u0142onk\u00f3w, w innych grupach cz\u0142onkowie maj\u0105 zni\u017cki w op\u0142atach za zaj\u0119cia, \u2600\ufe0f cz\u0142onkowie maj\u0105 zni\u017cki na wpisowe w naszych turniejach, zapewniamy dodatkowe nagrody dla naszych zawodnik\u00f3w, \u2600\ufe0f Klub organizuje i finansuje udzia\u0142 w turniejach poza Grodziskiem Maz., zw\u0142aszcza w Mistrzostwach Polski Junior\u00f3w, \u2600\ufe0f najlepsi maj\u0105 mo\u017cliwo\u015b\u0107 reprezentowania Klubu we wsp\u00f3\u0142zawodnictwie dru\u017cynowym na poziomie wojew\u00f3dzkim&hellip;<\/p>\n<p> <a class=\"more-link\" href=\"https:\/\/szachygrodzisk.pl\/index.php\/dolacz-do-nas\/\">Dowiedz si\u0119 wi\u0119cej<\/a><\/p>\n","protected":false},"author":2,"featured_media":0,"parent":0,"menu_order":0,"comment_status":"closed","ping_status":"closed","template":"","meta":{"_monsterinsights_skip_tracking":false,"_monsterinsights_sitenote_active":false,"_monsterinsights_sitenote_note":"","_monsterinsights_sitenote_category":0,"footnotes":""},"class_list":["post-485","page","type-page","status-publish"],"_links":{"self":[{"href":"https:\/\/szachygrodzisk.pl\/index.php\/wp-json\/wp\/v2\/pages\/485","targetHints":{"allow":["GET"]}}],"collection":[{"href":"https:\/\/szachygrodzisk.pl\/index.php\/wp-json\/wp\/v2\/pages"}],"about":[{"href":"https:\/\/szachygrodzisk.pl\/index.php\/wp-json\/wp\/v2\/types\/page"}],"author":[{"embeddable":true,"href":"https:\/\/szachygrodzisk.pl\/index.php\/wp-json\/wp\/v2\/users\/2"}],"replies":[{"embeddable":true,"href":"https:\/\/szachygrodzisk.pl\/index.php\/wp-json\/wp\/v2\/comments?post=485"}],"version-history":[{"count":24,"href":"https:\/\/szachygrodzisk.pl\/index.php\/wp-json\/wp\/v2\/pages\/485\/revisions"}],"predecessor-version":[{"id":7193,"href":"https:\/\/szachygrodzisk.pl\/index.php\/wp-json\/wp\/v2\/pages\/485\/revisions\/7193"}],"wp:attachment":[{"href":"https:\/\/szachygrodzisk.pl\/index.php\/wp-json\/wp\/v2\/media?parent=485"}],"curies":[{"name":"wp","href":"https:\/\/api.w.org\/{rel}","templated":true}]}}