{"id":5476,"date":"2022-09-07T12:14:39","date_gmt":"2022-09-07T10:14:39","guid":{"rendered":"https:\/\/szachygrodzisk.pl\/?page_id=5476"},"modified":"2024-06-18T13:14:51","modified_gmt":"2024-06-18T11:14:51","slug":"szukasz-klubu","status":"publish","type":"page","link":"https:\/\/szachygrodzisk.pl\/index.php\/szukasz-klubu\/","title":{"rendered":"Szukasz klubu?"},"content":{"rendered":"\t\t<div data-elementor-type=\"wp-page\" data-elementor-id=\"5476\" class=\"elementor elementor-5476\">\n\t\t\t\t\t\t<section class=\"elementor-section elementor-top-section elementor-element elementor-element-c49ceba elementor-section-boxed elementor-section-height-default elementor-section-height-default\" data-id=\"c49ceba\" data-element_type=\"section\" data-e-type=\"section\">\n\t\t\t\t\t\t<div class=\"elementor-container elementor-column-gap-default\">\n\t\t\t\t\t<div class=\"elementor-column elementor-col-100 elementor-top-column elementor-element elementor-element-b36cfb1\" data-id=\"b36cfb1\" data-element_type=\"column\" data-e-type=\"column\">\n\t\t\t<div class=\"elementor-widget-wrap elementor-element-populated\">\n\t\t\t\t\t\t<div class=\"elementor-element elementor-element-ef46503 elementor-widget elementor-widget-text-editor\" data-id=\"ef46503\" data-element_type=\"widget\" data-e-type=\"widget\" data-widget_type=\"text-editor.default\">\n\t\t\t\t<div class=\"elementor-widget-container\">\n\t\t\t\t\t\t\t\t\t<h2>Pocz\u0105tkuj\u0105ce dzieci<\/h2><p>Jeste\u015b rodzicem i szukasz zaj\u0119\u0107 szachowych dla swojego dziecka? \u015awietnie trafi\u0142e\u015b\/trafi\u0142a\u015b! Szachy wspieraj\u0105 rozw\u00f3j dzieci na r\u00f3\u017cne sposoby, czasem mo\u017cna si\u0119 zdziwi\u0107. Ofert\u0119 zaj\u0119\u0107 mo\u017cesz sprawdzi\u0107 na <a href=\"https:\/\/szachygrodzisk.pl\/index.php\/zajecia-2023-24\/\">stronie o zaj\u0119ciach<\/a>. By bra\u0107 udzia\u0142 w naszych zaj\u0119ciach dziecko nie musi by\u0107 cz\u0142onkiem Szachowej Dw\u00f3jki. Ale je\u015bli ju\u017c opanowa\u0142o zasady, gra\u0142o w zawodach, podobaj\u0105 mu si\u0119 szachy, a Ty chcesz wspiera\u0107 t\u0119 pasj\u0119 &#8211; to <a href=\"https:\/\/szachygrodzisk.pl\/index.php\/dolacz-do-nas\/\">zapraszamy do Klubu<\/a>. Cz\u0142onkostwo w Klubie daje nowe mo\u017cliwo\u015bci: cz\u0119\u015b\u0107 zaj\u0119\u0107 jest przeznaczona tylko dla klubowicz\u00f3w, organizujemy wsp\u00f3lne wyjazdy szachowe, itp.<\/p><h2>Aktywni juniorzy<\/h2><p>Je\u015bli kochasz szachy, trenujesz, je\u017adzisz na zawody, jeste\u015b &#8222;dobry&#8221;\/&#8221;dobra&#8221; &#8211; zapraszamy do Szachowej Dw\u00f3jki. B\u0119dziemy Ci\u0119 wspiera\u0107, a Ty staniesz si\u0119 cz\u0119\u015bci\u0105 naszej Dru\u017cyny. Geografia nas nie ogranicza \ud83d\ude42<\/p><p>Wspieramy zw\u0142aszcza zawodnik\u00f3w, kt\u00f3rzy reprezentuj\u0105 Szachow\u0105 Dw\u00f3jk\u0119 na Mistrzostwach Polski &#8211; indywidualnych i dru\u017cynowych: finansujemy starty (wpisowe i pobyt), organizujemy opiek\u0119 na zawodach (wychowawcz\u0105 i trenersk\u0105), prowadzimy szkolenie na odpowiednim poziomie (dla junior\u00f3w z innych miejscowo\u015bci r\u00f3wnie\u017c w weekendy, online), itp.<\/p><p>Dlaczego warto?<\/p><ul><li>jeste\u015bmy <a href=\"https:\/\/szachygrodzisk.pl\/index.php\/2023\/04\/08\/jestesmy-druzynowymi-mistrzami-mazowsza\/\">Dru\u017cynowym Mistrzem Mazowsza 2023<\/a>, w dru\u017cynowych rozgrywkach seniorskich dajemy mo\u017cliwo\u015b\u0107 zdobywania do\u015bwiadczenia naszym czo\u0142owym juniorom<\/li><li>jeste\u015bmy jednym z 5 mazowieckich klub\u00f3w maj\u0105cych dru\u017cyn\u0119 w ligach centralnych junior\u00f3w<\/li><li>w Systemie Sportu M\u0142odzie\u017cowego jeste\u015bmy <a href=\"https:\/\/szachygrodzisk.pl\/index.php\/system-sportu-mlodziezowego\/\">na trzecim miejscu na Mazowszu<\/a>, w 2022 r. wywalczyli\u015bmy <a href=\"https:\/\/szachygrodzisk.pl\/index.php\/2022\/04\/11\/wicemistrzostwo-mazowsza-juniorow-2022\/\">II miejsce w Dru\u017cynowych Mistrzostwach Mazowsza Junior\u00f3w<\/a><\/li><li>organizujemy wsp\u00f3lne wyjazdy na turnieje, zapewniamy opiek\u0119 wychowawcz\u0105 i trenersk\u0105, a przede wszystkim niesamowit\u0105 atmosfer\u0119 i atrakcje, np. <a href=\"https:\/\/szachygrodzisk.pl\/index.php\/2022\/04\/11\/wicemistrzostwo-mazowsza-juniorow-2022\/\">III liga w Siedlcach<\/a>, <a href=\"https:\/\/szachygrodzisk.pl\/index.php\/2022\/07\/27\/ii-liga-wroclaw\/\">II liga we Wroc\u0142awiu<\/a>, <a href=\"https:\/\/szachygrodzisk.pl\/index.php\/2023\/06\/20\/i-liga-juniorow-2023\/\">I liga w Lublinie<\/a><\/li><li>je\u017adzimy na Mistrzostwa Polski we wszystkich grupach wiekowych, najlepszych wspieramy finansowo &#8211; w ostatnich trzech latach Klub op\u0142aci\u0142 wpisowe i pobyt <u>wszystkim<\/u> naszym reprezentantom na Mistrzostwach Polski (indywidualnych i dru\u017cynowych)<\/li><li>utrzymujemy op\u0142aty na niskim poziomie (sk\u0142adki cz\u0142onkowskie, zaj\u0119cia, turnieje) dzi\u0119ki pozyskiwaniu funduszy zewn\u0119trznych &#8211; aktywnym zawodnikom op\u0142aty na rzecz klubu zwracaj\u0105 si\u0119 z nawi\u0105zk\u0105 dzi\u0119ki zni\u017ckom w turniejach i innych projektach, finansowaniu wyjazd\u00f3w, itp.<\/li><li>dbamy o poziom sportowy, ciekaw\u0105 formu\u0142\u0119 i szerok\u0105 ofert\u0119 naszych zaj\u0119\u0107: osi\u0105 s\u0105 pi\u0105tkowe zaj\u0119cia klubowe, uzupe\u0142niamy je szkoleniem weekendowym (Akademia Szachowej Dw\u00f3jki)<\/li><li>stawiamy na sprawn\u0105 komunikacj\u0119 (aktualna strona internetowa, profil na facebooku) oraz na transparentno\u015b\u0107, zw\u0142aszcza w kwestiach finansowych<\/li><li>jeste\u015bmy klubem jednosekcyjnym &#8211; tylko szachy!<\/li><\/ul><h2>Doro\u015bli &#8211; rodzice<\/h2><div>Zgodnie z ustaw\u0105 o sporcie &#8222;cz\u0142onkami uczniowskiego klubu sportowego mog\u0105 by\u0107 w szczeg\u00f3lno\u015bci uczniowie, rodzice i nauczyciele&#8221;. Rodzicu, je\u015bli chcesz anga\u017cowa\u0107 si\u0119 w \u017cycie Klubu (stowarzyszenia), zapraszamy. Nie wymagamy nawet umiej\u0119tno\u015bci gry w szachy \ud83d\ude42 Natomiast w naszych dzia\u0142aniach wsparcie rodzic\u00f3w jest szczeg\u00f3lnie wa\u017cne: czasem trzeba co\u015b poprzestawia\u0107, posprz\u0105ta\u0107, zrobi\u0107 kanapki, gdzie\u015b co\u015b lub kogo\u015b zawie\u017a\u0107, itp. Atmosfera przy robieniu kanapek &#8211; niepowtarzalna \ud83d\ude42 Poza tym cz\u0142onkowie wybieraj\u0105 w\u0142adze Klubu i sami mog\u0105 zosta\u0107 do takich w\u0142adz wybrani.<br \/>Sk\u0142adki cz\u0142onkowskie dla doros\u0142ych mamy symboliczne (10 z\u0142 za p\u00f3\u0142 roku). A je\u015bli rekreacyjnie grasz w szachy, to r\u00f3wnie\u017c Ciebie dotycz\u0105 zni\u017cki dla klubowicz\u00f3w.<\/div><h2>Doro\u015bli &#8211; zawodnicy<\/h2><p>W 2022 r. po raz pierwszy wystartowali\u015bmy w dru\u017cynowych rozgrywkach seniorskich (<a href=\"https:\/\/www.facebook.com\/SzachowaDwojka\/posts\/3169247776669750\">Otwarta Liga Mazowiecka<\/a>). W 2023 r. wygrali\u015bmy III lig\u0119 (zostali\u015bmy\u00a0<strong>Dru\u017cynowym Mistrzem Mazowsza<\/strong>) i awansowali\u015bmy do II ligi. W 2023 r. <a href=\"https:\/\/szachygrodzisk.pl\/index.php\/2023\/09\/10\/ii-liga-seniorow\/\">zadebiutowali\u015bmy w og\u00f3lnopolskiej II lidze<\/a> (Jastrz\u0119bia G\u00f3ra, wrzesie\u0144 2023 r.) &#8211; mamy nadziej\u0119 gra\u0107 w tych rozgrywkach co roku (dop\u00f3ki nie awansujemy do I ligi). Zapraszamy zawodnik\u00f3w minimum z tytu\u0142em kandydata na mistrza. Oczywi\u015bcie startujemy r\u00f3wnie\u017c w ligach wojew\u00f3dzkich &#8211; klub op\u0142aca wpisowe za wszystkie dru\u017cyny i pizz\u0119 na zjazdach.<\/p>\t\t\t\t\t\t\t\t<\/div>\n\t\t\t\t<\/div>\n\t\t\t\t\t<\/div>\n\t\t<\/div>\n\t\t\t\t\t<\/div>\n\t\t<\/section>\n\t\t\t\t<\/div>\n\t\t","protected":false},"excerpt":{"rendered":"<p>Pocz\u0105tkuj\u0105ce dzieci Jeste\u015b rodzicem i szukasz zaj\u0119\u0107 szachowych dla swojego dziecka? \u015awietnie trafi\u0142e\u015b\/trafi\u0142a\u015b! Szachy wspieraj\u0105 rozw\u00f3j dzieci na r\u00f3\u017cne sposoby, czasem mo\u017cna si\u0119 zdziwi\u0107. Ofert\u0119 zaj\u0119\u0107 mo\u017cesz sprawdzi\u0107 na stronie o zaj\u0119ciach. By bra\u0107 udzia\u0142 w naszych zaj\u0119ciach dziecko nie musi by\u0107 cz\u0142onkiem Szachowej Dw\u00f3jki. Ale je\u015bli ju\u017c opanowa\u0142o zasady, gra\u0142o w zawodach, podobaj\u0105 mu si\u0119 szachy, a Ty chcesz wspiera\u0107 t\u0119 pasj\u0119 &#8211; to zapraszamy do Klubu. Cz\u0142onkostwo w Klubie daje nowe mo\u017cliwo\u015bci: cz\u0119\u015b\u0107 zaj\u0119\u0107 jest przeznaczona tylko dla klubowicz\u00f3w, organizujemy wsp\u00f3lne wyjazdy szachowe, itp. Aktywni juniorzy Je\u015bli kochasz szachy, trenujesz, je\u017adzisz na zawody, jeste\u015b &#8222;dobry&#8221;\/&#8221;dobra&#8221; &#8211; zapraszamy do&hellip;<\/p>\n<p> <a class=\"more-link\" href=\"https:\/\/szachygrodzisk.pl\/index.php\/szukasz-klubu\/\">Dowiedz si\u0119 wi\u0119cej<\/a><\/p>\n","protected":false},"author":2,"featured_media":0,"parent":0,"menu_order":0,"comment_status":"closed","ping_status":"closed","template":"","meta":{"_monsterinsights_skip_tracking":false,"_monsterinsights_sitenote_active":false,"_monsterinsights_sitenote_note":"","_monsterinsights_sitenote_category":0,"footnotes":""},"class_list":["post-5476","page","type-page","status-publish"],"_links":{"self":[{"href":"https:\/\/szachygrodzisk.pl\/index.php\/wp-json\/wp\/v2\/pages\/5476","targetHints":{"allow":["GET"]}}],"collection":[{"href":"https:\/\/szachygrodzisk.pl\/index.php\/wp-json\/wp\/v2\/pages"}],"about":[{"href":"https:\/\/szachygrodzisk.pl\/index.php\/wp-json\/wp\/v2\/types\/page"}],"author":[{"embeddable":true,"href":"https:\/\/szachygrodzisk.pl\/index.php\/wp-json\/wp\/v2\/users\/2"}],"replies":[{"embeddable":true,"href":"https:\/\/szachygrodzisk.pl\/index.php\/wp-json\/wp\/v2\/comments?post=5476"}],"version-history":[{"count":43,"href":"https:\/\/szachygrodzisk.pl\/index.php\/wp-json\/wp\/v2\/pages\/5476\/revisions"}],"predecessor-version":[{"id":8714,"href":"https:\/\/szachygrodzisk.pl\/index.php\/wp-json\/wp\/v2\/pages\/5476\/revisions\/8714"}],"wp:attachment":[{"href":"https:\/\/szachygrodzisk.pl\/index.php\/wp-json\/wp\/v2\/media?parent=5476"}],"curies":[{"name":"wp","href":"https:\/\/api.w.org\/{rel}","templated":true}]}}