{"id":5957,"date":"2023-01-16T22:27:04","date_gmt":"2023-01-16T21:27:04","guid":{"rendered":"https:\/\/szachygrodzisk.pl\/?page_id=5957"},"modified":"2023-07-25T15:29:21","modified_gmt":"2023-07-25T13:29:21","slug":"oboz-wakacyjny-2023-lista-uczestnikow","status":"publish","type":"page","link":"https:\/\/szachygrodzisk.pl\/index.php\/oboz-wakacyjny-2023-lista-uczestnikow\/","title":{"rendered":"Ob\u00f3z wakacyjny 2023 &#8211; lista uczestnik\u00f3w"},"content":{"rendered":"\t\t<div data-elementor-type=\"wp-page\" data-elementor-id=\"5957\" class=\"elementor elementor-5957\">\n\t\t\t\t\t\t<section class=\"elementor-section elementor-top-section elementor-element elementor-element-2af30661 elementor-section-boxed elementor-section-height-default elementor-section-height-default\" data-id=\"2af30661\" data-element_type=\"section\" data-e-type=\"section\">\n\t\t\t\t\t\t<div class=\"elementor-container elementor-column-gap-default\">\n\t\t\t\t\t<div class=\"elementor-column elementor-col-100 elementor-top-column elementor-element elementor-element-174ebf1a\" data-id=\"174ebf1a\" data-element_type=\"column\" data-e-type=\"column\">\n\t\t\t<div class=\"elementor-widget-wrap elementor-element-populated\">\n\t\t\t\t\t\t<div class=\"elementor-element elementor-element-54d4bd32 elementor-widget elementor-widget-text-editor\" data-id=\"54d4bd32\" data-element_type=\"widget\" data-e-type=\"widget\" data-widget_type=\"text-editor.default\">\n\t\t\t\t<div class=\"elementor-widget-container\">\n\t\t\t\t\t\t\t\t\t<p><\/p>\n<h3>Potwierdzeni uczestnicy obozu i osoby towarzysz\u0105ce<\/h3>\n<p><span style=\"color: #ff0000;\">Na czerwono osoby nierozliczone<\/span><\/p>\n<ol>\n<li>Magdalena K. (ur. 2007, ranking 1900)<\/li>\n<li>Anna K. (ur. 2009, ranking 1900)<\/li>\n<li>Ma\u0142gorzata K. (ur. 2012, ranking 1600)<\/li>\n<li>Micha\u0142 D. (ur. 2010, ranking 1800)<\/li>\n<li>Mateusz S. (ur. 2009, ranking 1400) + 1 osoba towarzysz\u0105ca<\/li>\n<li>Maks Sz. (ur. 2014, ranking 1400) &#8211; zaliczka przed 27.02 (-100 z\u0142)<\/li>\n<li><span style=\"color: var( --e-global-color-text ); font-family: var( --e-global-typography-text-font-family ), Sans-serif; font-weight: var( --e-global-typography-text-font-weight ); word-spacing: normal;\">Franciszek S. (ur. 2013, ranking 1400)\u00a0&#8211; zaliczka przed 27.02 (-100 z\u0142)<\/span><\/li>\n<li>Karol T. (ur. 2011, ranking 1800)\u00a0&#8211; zaliczka przed 27.02 (-100 z\u0142)<\/li>\n<li>Wiktor T. (ur. 2009, ranking 1600)\u00a0&#8211; zaliczka przed 27.02 (-100 z\u0142)<\/li>\n<li>Jan P. (ur. 2010, ranking 1600)\u00a0&#8211; zaliczka przed 27.02 (-100 z\u0142)<\/li>\n<li>Tomasz P. (ur. 2012, ranking 1400)\u00a0&#8211; zaliczka przed 27.02 (-100 z\u0142)<\/li>\n<li>Weronika G. (ur. 2012, ranking 1250)\u00a0&#8211; zaliczka przed 27.02 (-100 z\u0142)<\/li>\n<li><span style=\"color: var( --e-global-color-text ); font-family: var( --e-global-typography-text-font-family ), Sans-serif; font-weight: var( --e-global-typography-text-font-weight ); word-spacing: normal;\">Piotr N. (ur. 2012, ranking 1800)<\/span>\u00a0&#8211; zaliczka przed 27.02 (-100 z\u0142)<\/li>\n<li><span style=\"color: var( --e-global-color-text ); font-family: var( --e-global-typography-text-font-family ), Sans-serif; font-weight: var( --e-global-typography-text-font-weight ); word-spacing: normal;\">Robert W. (ur. 2013, ranking 1400)\u00a0&#8211; zaliczka przed 27.02 (-100 z\u0142)<\/span><\/li>\n<li>Olga W. (ur. 2015, ranking 1250) + 3 osoby towarzysz\u0105ce\u00a0&#8211; zaliczka przed 27.02 (-100 z\u0142)<\/li>\n<li><span style=\"color: var( --e-global-color-text ); font-family: var( --e-global-typography-text-font-family ), Sans-serif; font-weight: var( --e-global-typography-text-font-weight ); word-spacing: normal;\">Mateusz S. (ur. 2010, ranking 1600)<\/span>\u00a0&#8211; zaliczka przed 27.02 (-100 z\u0142)<\/li>\n<li><span style=\"color: var( --e-global-color-text ); font-family: var( --e-global-typography-text-font-family ), Sans-serif; font-weight: var( --e-global-typography-text-font-weight ); word-spacing: normal;\">Hubert K. (ur. 2014, ranking 1200)<\/span>\u00a0&#8211; zaliczka przed 27.02 (-100 z\u0142)<\/li>\n<li>Dominik K. (ur. 2010, ranking 1800)\u00a0&#8211; zaliczka przed 27.02 (-100 z\u0142)<\/li>\n<li><span style=\"color: var( --e-global-color-text ); font-family: var( --e-global-typography-text-font-family ), Sans-serif; font-weight: var( --e-global-typography-text-font-weight ); word-spacing: normal;\">Szymon Ci. (ur. 2012, ranking 1400)<\/span>\u00a0&#8211; zaliczka przed 27.02 (-100 z\u0142)<\/li>\n<li><span style=\"color: var( --e-global-color-text ); font-family: var( --e-global-typography-text-font-family ), Sans-serif; font-weight: var( --e-global-typography-text-font-weight ); word-spacing: normal;\">Kalina H. (ur. 2015, ranking 1250) + 2 osoby towarzysz\u0105ce<\/span>\u00a0&#8211; zaliczka przed 27.02 (-100 z\u0142)<\/li>\n<li><span style=\"color: var( --e-global-color-text ); font-family: var( --e-global-typography-text-font-family ), Sans-serif; font-weight: var( --e-global-typography-text-font-weight ); word-spacing: normal;\">Mateusz R. (ur. 2015, ranking 1600) + 1 osoba towarzysz\u0105ca\u00a0<\/span>&#8211; zaliczka przed 27.02 (-100 z\u0142)<\/li>\n<li><span style=\"color: #ff0000;\">Vaclav R. (ur. 2010, ranking 2000)\u00a0&#8211; zaliczka przed 27.02 (-100 z\u0142)<\/span><\/li>\n<li><span style=\"color: #ff0000;\">Simon R. (ur. 2013, ranking 1600)\u00a0&#8211; zaliczka przed 27.02 (-100 z\u0142)<\/span><\/li>\n<li><span style=\"color: var( --e-global-color-text ); font-family: var( --e-global-typography-text-font-family ), Sans-serif; font-weight: var( --e-global-typography-text-font-weight ); word-spacing: normal;\">Maciej A. (ur. 2014, ranking 1200)\u00a0&#8211; zaliczka przed 27.02 (-100 z\u0142)<\/span><\/li>\n<li>Micha\u0142 A. (ur. 2016, ranking 1200)\u00a0&#8211; zaliczka przed 27.02 (-100 z\u0142)<\/li>\n<li><span style=\"color: var( --e-global-color-text ); font-family: var( --e-global-typography-text-font-family ), Sans-serif; font-weight: var( --e-global-typography-text-font-weight ); word-spacing: normal;\">Lena J. (ur. 2011, ranking 1600)<\/span>\u00a0&#8211; zaliczka przed 27.02 (-100 z\u0142)<\/li>\n<li>Jan J. (ur. 2017, ranking 1200) + 1 osoba towarzysz\u0105ca\u00a0&#8211; zaliczka przed 27.02 (-100 z\u0142)<\/li>\n<li>Micha\u0142 B. (ur. 2012, ranking 1800) &#8211; zaliczka przed 27.02 (-100 z\u0142)<\/li>\n<li>Henryk \u0141. (ur. 2015, ranking 1400) &#8211; zaliczka przed 27.02 (-100 z\u0142)<\/li>\n<li><span style=\"color: var( --e-global-color-text ); font-family: var( --e-global-typography-text-font-family ), Sans-serif; font-weight: var( --e-global-typography-text-font-weight ); word-spacing: normal;\">Maciej M. (ur. 2011, ranking 1600)<\/span>\u00a0&#8211; zaliczka przed 27.02 (-100 z\u0142)<\/li>\n<li>\u0141ucja P. (ur. 2015, ranking 1250)\u00a0&#8211; zaliczka przed 27.02 (-100 z\u0142)<\/li>\n<li><span style=\"font-family: var( --e-global-typography-text-font-family ), Sans-serif; font-weight: var( --e-global-typography-text-font-weight ); word-spacing: normal;\">Bart\u0142omiej S. (ur. 2011, ranking 1600)\u00a0&#8211; zaliczka przed 27.02 (-100 z\u0142)<\/span><\/li>\n<li>Kacper \u0141. (ur. 2014, ranking 1200)\u00a0&#8211; zaliczka przed 27.02 (-100 z\u0142)<\/li>\n<li>Antoni J. (ur. 2011, ranking 1200)\u00a0&#8211; zaliczka przed 27.02 (-100 z\u0142)<\/li>\n<li>Pola J. (ur. 2010, ranking 1100)\u00a0&#8211; zaliczka przed 27.02 (-100 z\u0142)<\/li>\n<li>Aleksander Si. (ur. 2014, ranking 1200)\u00a0&#8211; zaliczka przed 27.02 (-100 z\u0142)<\/li>\n<li><span style=\"color: var( --e-global-color-text ); font-family: var( --e-global-typography-text-font-family ), Sans-serif; font-weight: var( --e-global-typography-text-font-weight ); word-spacing: normal;\">Antonia M. (ur. 2014, ranking 1100)<\/span>\u00a0&#8211; zaliczka przed 27.02 (-100 z\u0142)<\/li>\n<li>Ignacy M. (ur. 2016, ranking 1000) + 2 osoby towarzysz\u0105ca\u00a0&#8211; zaliczka przed 27.02 (-100 z\u0142)<\/li>\n<li><span style=\"color: var( --e-global-color-text ); font-family: var( --e-global-typography-text-font-family ), Sans-serif; font-weight: var( --e-global-typography-text-font-weight ); word-spacing: normal;\">Wojciech T. (ur. 2014, ranking 1400)<\/span>\u00a0&#8211; zaliczka przed 27.02 (-100 z\u0142)<\/li>\n<li>Edward T. (ur. 2016, ranking 1200) + 3 osoby towarzysz\u0105ce\u00a0&#8211; zaliczka przed 27.02 (-100 z\u0142)<\/li>\n<li><span style=\"color: var( --e-global-color-text ); font-family: var( --e-global-typography-text-font-family ), Sans-serif; font-weight: var( --e-global-typography-text-font-weight ); word-spacing: normal;\">Karol O. (ur. 2010, ranking 1800)<\/span>\u00a0&#8211; zaliczka przed 27.02 (-100 z\u0142)<\/li>\n<li>Franciszek O. (ur. 2013, ranking 1400)\u00a0&#8211; zaliczka przed 27.02 (-100 z\u0142)<\/li>\n<li>Aleksander K. (ur. 2016, ranking 1400) + 1 osoba towarzysz\u0105ca<\/li>\n<li>Mateusz A. (ur. 2015, ranking 1200)<\/li>\n<li>Hanna \u0141. (ur. 2011, ranking 1700)<\/li>\n<li>Brajan T. (ur. 2013, ranking 1600)<\/li>\n<li>Zuzanna P. (ur. 2010, ranking 1400)<\/li>\n<li><span style=\"color: #ff0000;\">Jan K. (ur. 2015, ranking 1000) + 2 osoby towarzysz\u0105ce<\/span><\/li>\n<\/ol>\n<h3>Zg\u0142oszenia nie potwierdzone wp\u0142at\u0105 zaliczki<\/h3>\n<ol>\n<li>&#8211;<\/li>\n<\/ol>\n<p><\/p>\t\t\t\t\t\t\t\t<\/div>\n\t\t\t\t<\/div>\n\t\t\t\t\t<\/div>\n\t\t<\/div>\n\t\t\t\t\t<\/div>\n\t\t<\/section>\n\t\t\t\t<\/div>\n\t\t","protected":false},"excerpt":{"rendered":"<p>Potwierdzeni uczestnicy obozu i osoby towarzysz\u0105ce Na czerwono osoby nierozliczone Magdalena K. (ur. 2007, ranking 1900) Anna K. (ur. 2009, ranking 1900) Ma\u0142gorzata K. (ur. 2012, ranking 1600) Micha\u0142 D. (ur. 2010, ranking 1800) Mateusz S. (ur. 2009, ranking 1400) + 1 osoba towarzysz\u0105ca Maks Sz. (ur. 2014, ranking 1400) &#8211; zaliczka przed 27.02 (-100 z\u0142) Franciszek S. (ur. 2013, ranking 1400)\u00a0&#8211; zaliczka przed 27.02 (-100 z\u0142) Karol T. (ur. 2011, ranking 1800)\u00a0&#8211; zaliczka przed 27.02 (-100 z\u0142) Wiktor T. (ur. 2009, ranking 1600)\u00a0&#8211; zaliczka przed 27.02 (-100 z\u0142) Jan P. (ur. 2010, ranking 1600)\u00a0&#8211; zaliczka przed 27.02 (-100 z\u0142)&hellip;<\/p>\n<p> <a class=\"more-link\" href=\"https:\/\/szachygrodzisk.pl\/index.php\/oboz-wakacyjny-2023-lista-uczestnikow\/\">Dowiedz si\u0119 wi\u0119cej<\/a><\/p>\n","protected":false},"author":2,"featured_media":0,"parent":0,"menu_order":0,"comment_status":"closed","ping_status":"closed","template":"","meta":{"_monsterinsights_skip_tracking":false,"_monsterinsights_sitenote_active":false,"_monsterinsights_sitenote_note":"","_monsterinsights_sitenote_category":0,"footnotes":""},"class_list":["post-5957","page","type-page","status-publish"],"_links":{"self":[{"href":"https:\/\/szachygrodzisk.pl\/index.php\/wp-json\/wp\/v2\/pages\/5957","targetHints":{"allow":["GET"]}}],"collection":[{"href":"https:\/\/szachygrodzisk.pl\/index.php\/wp-json\/wp\/v2\/pages"}],"about":[{"href":"https:\/\/szachygrodzisk.pl\/index.php\/wp-json\/wp\/v2\/types\/page"}],"author":[{"embeddable":true,"href":"https:\/\/szachygrodzisk.pl\/index.php\/wp-json\/wp\/v2\/users\/2"}],"replies":[{"embeddable":true,"href":"https:\/\/szachygrodzisk.pl\/index.php\/wp-json\/wp\/v2\/comments?post=5957"}],"version-history":[{"count":103,"href":"https:\/\/szachygrodzisk.pl\/index.php\/wp-json\/wp\/v2\/pages\/5957\/revisions"}],"predecessor-version":[{"id":6858,"href":"https:\/\/szachygrodzisk.pl\/index.php\/wp-json\/wp\/v2\/pages\/5957\/revisions\/6858"}],"wp:attachment":[{"href":"https:\/\/szachygrodzisk.pl\/index.php\/wp-json\/wp\/v2\/media?parent=5957"}],"curies":[{"name":"wp","href":"https:\/\/api.w.org\/{rel}","templated":true}]}}