{"id":7992,"date":"2024-04-03T11:38:38","date_gmt":"2024-04-03T09:38:38","guid":{"rendered":"https:\/\/szachygrodzisk.pl\/?page_id=7992"},"modified":"2025-10-28T16:27:34","modified_gmt":"2025-10-28T15:27:34","slug":"chessarbiter-dziala","status":"publish","type":"page","link":"https:\/\/szachygrodzisk.pl\/index.php\/chessarbiter-dziala\/","title":{"rendered":"ChessArbiter DZIA\u0141A"},"content":{"rendered":"\t\t<div data-elementor-type=\"wp-page\" data-elementor-id=\"7992\" class=\"elementor elementor-7992\">\n\t\t\t\t\t\t<section class=\"elementor-section elementor-top-section elementor-element elementor-element-15fc93c elementor-section-boxed elementor-section-height-default elementor-section-height-default\" data-id=\"15fc93c\" data-element_type=\"section\" data-e-type=\"section\">\n\t\t\t\t\t\t<div class=\"elementor-container elementor-column-gap-default\">\n\t\t\t\t\t<div class=\"elementor-column elementor-col-100 elementor-top-column elementor-element elementor-element-1bbea51\" data-id=\"1bbea51\" data-element_type=\"column\" data-e-type=\"column\">\n\t\t\t<div class=\"elementor-widget-wrap elementor-element-populated\">\n\t\t\t\t\t\t<div class=\"elementor-element elementor-element-c5d504b elementor-widget elementor-widget-text-editor\" data-id=\"c5d504b\" data-element_type=\"widget\" data-e-type=\"widget\" data-widget_type=\"text-editor.default\">\n\t\t\t\t<div class=\"elementor-widget-container\">\n\t\t\t\t\t\t\t\t\t<h2>Szablon INFO64<\/h2><p>[premiera 15.04.2025, wersja 1.02.01 \/\/\/ ostatnia aktualizacja 28.10.2025, wersja 1.02.04]<\/p><p>Fan\u00f3w \u015brodowiska ChessArbiter Pro zach\u0119cam do korzystania z szablonu INFO64, dzi\u0119ki kt\u00f3remu:<\/p><ol><li>serwis turniejowy dzia\u0142a tak samo dobrze z HTTP i z HTTPS<\/li><li>punktacje pomocnicze wyliczaj\u0105 si\u0119 zgodnie z obowi\u0105zuj\u0105cymi zasadami (na razie tylko indywidualne turnieje szwajcarskie w typowych konfiguracjach, w innych turniejach szablon INFO64 niczego nie zmienia, nie psuje)<\/li><li>w turniejach klasyfikacyjnych pojawia si\u0119 kontekstowy odno\u015bnik do <a href=\"https:\/\/szachygrodzisk.pl\/kalkulator\/\">Kalkulatora norm rankingowych PZSzach<\/a><\/li><li>na stronach zawodnik\u00f3w dzia\u0142aj\u0105 odno\u015bniki do profili na ratings.fide.com (po migracji portalu fide.com odno\u015bniki w plikach ChessArbitra przesta\u0142y dzia\u0142a\u0107)<\/li><\/ol><p>Linki do pobrania:<\/p><ol><li><a href=\"https:\/\/szachygrodzisk.pl\/kalkulator\/INFO64\/251028_INFO64.zip\">szablon INFO64<\/a> w aktualnej wersji (1.02.04), z instrukcj\u0105 instalacji w PDF<\/li><li>aktualizacja &#8211; tylko plik <a href=\"https:\/\/szachygrodzisk.pl\/kalkulator\/INFO64\/results_info64.js\" download=\"\">results_info64.js<\/a> (wersja 1.02.04)<\/li><li><a href=\"https:\/\/szachygrodzisk.pl\/kalkulator\/INFO64\/INFO64_instrukcja.pdf\">instrukcja<\/a> instalacji i aktualizacji (PDF)<\/li><\/ol><p>Co wa\u017cne: instalacja jest banalnie prosta, instrukcja jest zamieszczona w zipie. Instalacja zajmuje ok. 10 minut, ryzyko jest zerowe, poniewa\u017c wycofanie zmian polega na powrocie do wcze\u015bniej wykorzystywanego szablonu (w\u0142asnego lub ChessArbitra). Poni\u017cej filmy instrukta\u017cowe wyja\u015bniaj\u0105ce jak to dzia\u0142a, jak zainstalowa\u0107, jak zaktualizowa\u0107 &#8211; zrozumie ka\u017cdy, r\u00f3wnie\u017c nie-informatycy.<\/p><p><span style=\"word-spacing: normal;\">Szablon INFO64 wykorzystuje wielu s\u0119dzi\u00f3w na r\u00f3\u017cnych turniejach wi\u0119kszych i mniejszych, wszystko dzia\u0142a bez zarzutu \ud83d\ude42<\/span><\/p>\t\t\t\t\t\t\t\t<\/div>\n\t\t\t\t<\/div>\n\t\t\t\t<section class=\"elementor-section elementor-inner-section elementor-element elementor-element-610689f elementor-section-boxed elementor-section-height-default elementor-section-height-default\" data-id=\"610689f\" data-element_type=\"section\" data-e-type=\"section\">\n\t\t\t\t\t\t<div class=\"elementor-container elementor-column-gap-default\">\n\t\t\t\t\t<div class=\"elementor-column elementor-col-50 elementor-inner-column elementor-element elementor-element-2ab7bfa\" data-id=\"2ab7bfa\" data-element_type=\"column\" data-e-type=\"column\">\n\t\t\t<div class=\"elementor-widget-wrap elementor-element-populated\">\n\t\t\t\t\t\t<div class=\"elementor-element elementor-element-cbfa615 elementor-widget elementor-widget-text-editor\" data-id=\"cbfa615\" data-element_type=\"widget\" data-e-type=\"widget\" data-widget_type=\"text-editor.default\">\n\t\t\t\t<div class=\"elementor-widget-container\">\n\t\t\t\t\t\t\t\t\t<h5>Opis Szablonu INFO64 oraz instrukcja instalacji<\/h5>\t\t\t\t\t\t\t\t<\/div>\n\t\t\t\t<\/div>\n\t\t\t\t<div class=\"elementor-element elementor-element-3aab7a7 elementor-widget elementor-widget-video\" data-id=\"3aab7a7\" data-element_type=\"widget\" data-e-type=\"widget\" data-settings=\"{&quot;youtube_url&quot;:&quot;https:\\\/\\\/www.youtube.com\\\/watch?v=byafZ2jwJLU&quot;,&quot;video_type&quot;:&quot;youtube&quot;,&quot;controls&quot;:&quot;yes&quot;}\" data-widget_type=\"video.default\">\n\t\t\t\t<div class=\"elementor-widget-container\">\n\t\t\t\t\t\t\t<div class=\"elementor-wrapper elementor-open-inline\">\n\t\t\t<div class=\"elementor-video\"><\/div>\t\t<\/div>\n\t\t\t\t\t\t<\/div>\n\t\t\t\t<\/div>\n\t\t\t\t\t<\/div>\n\t\t<\/div>\n\t\t\t\t<div class=\"elementor-column elementor-col-50 elementor-inner-column elementor-element elementor-element-82a9d14\" data-id=\"82a9d14\" data-element_type=\"column\" data-e-type=\"column\">\n\t\t\t<div class=\"elementor-widget-wrap elementor-element-populated\">\n\t\t\t\t\t\t<div class=\"elementor-element elementor-element-82bc9d9 elementor-widget elementor-widget-text-editor\" data-id=\"82bc9d9\" data-element_type=\"widget\" data-e-type=\"widget\" data-widget_type=\"text-editor.default\">\n\t\t\t\t<div class=\"elementor-widget-container\">\n\t\t\t\t\t\t\t\t\t<h5>Instrukcja aktualizacji<\/h5>\t\t\t\t\t\t\t\t<\/div>\n\t\t\t\t<\/div>\n\t\t\t\t<div class=\"elementor-element elementor-element-d6c10b4 elementor-widget elementor-widget-video\" data-id=\"d6c10b4\" data-element_type=\"widget\" data-e-type=\"widget\" data-settings=\"{&quot;youtube_url&quot;:&quot;https:\\\/\\\/www.youtube.com\\\/watch?v=T_ZjgEYDtVk&quot;,&quot;video_type&quot;:&quot;youtube&quot;,&quot;controls&quot;:&quot;yes&quot;}\" data-widget_type=\"video.default\">\n\t\t\t\t<div class=\"elementor-widget-container\">\n\t\t\t\t\t\t\t<div class=\"elementor-wrapper elementor-open-inline\">\n\t\t\t<div class=\"elementor-video\"><\/div>\t\t<\/div>\n\t\t\t\t\t\t<\/div>\n\t\t\t\t<\/div>\n\t\t\t\t\t<\/div>\n\t\t<\/div>\n\t\t\t\t\t<\/div>\n\t\t<\/section>\n\t\t\t\t<div class=\"elementor-element elementor-element-0f2146a elementor-widget-divider--separator-type-pattern elementor-widget-divider--view-line elementor-widget elementor-widget-divider\" data-id=\"0f2146a\" data-element_type=\"widget\" data-e-type=\"widget\" data-widget_type=\"divider.default\">\n\t\t\t\t<div class=\"elementor-widget-container\">\n\t\t\t\t\t\t\t<div class=\"elementor-divider\" style=\"--divider-pattern-url: url(&quot;data:image\/svg+xml,%3Csvg xmlns=&#039;http:\/\/www.w3.org\/2000\/svg&#039; preserveAspectRatio=&#039;none&#039; overflow=&#039;visible&#039; height=&#039;100%&#039; viewBox=&#039;0 0 24 24&#039; fill=&#039;none&#039; stroke=&#039;black&#039; stroke-width=&#039;1&#039; stroke-linecap=&#039;square&#039; stroke-miterlimit=&#039;10&#039;%3E%3Cpath d=&#039;M0,21c3.3,0,8.3-0.9,15.7-7.1c6.6-5.4,4.4-9.3,2.4-10.3c-3.4-1.8-7.7,1.3-7.3,8.8C11.2,20,17.1,21,24,21&#039;\/%3E%3C\/svg%3E&quot;);\">\n\t\t\t<span class=\"elementor-divider-separator\">\n\t\t\t\t\t\t<\/span>\n\t\t<\/div>\n\t\t\t\t\t\t<\/div>\n\t\t\t\t<\/div>\n\t\t\t\t<div class=\"elementor-element elementor-element-b27df26 elementor-widget elementor-widget-text-editor\" data-id=\"b27df26\" data-element_type=\"widget\" data-e-type=\"widget\" data-widget_type=\"text-editor.default\">\n\t\t\t\t<div class=\"elementor-widget-container\">\n\t\t\t\t\t\t\t\t\t<h2>Punktacje pomocnicze<\/h2><div><span style=\"word-spacing: normal;\">Przyk\u0142ady turniej\u00f3w, w kt\u00f3rych zosta\u0142o wykorzystane moje rozszerzenie:<\/span><\/div><div><ol><li>X Turniej Miko\u0142ajkowy, grupa B2 (m\u00f3j turniej) <a href=\"http:\/\/chessarbiter.com\/turnieje\/2024\/ti_6898\/results.html?l=pl&amp;tb=10_\">http:\/\/chessarbiter.com\/turnieje\/2024\/ti_6898\/results.html?l=pl&amp;tb=10_<\/a><\/li><li>Mistrzostwa Mazowsza Junior\u00f3w w szachach szybkich do 11 lat (IA Rafa\u0142 Siwik) <a href=\"http:\/\/chessarbiter.com\/turnieje\/2024\/ti_5038\/results.html?l=pl&amp;tb=10_\">http:\/\/chessarbiter.com\/turnieje\/2024\/ti_5038\/results.html?l=pl&amp;tb=10_<\/a><\/li><li>MISTRZOSTWA STREFY LUBUSKO \u2013 DOLNO\u015aL\u0104SKIEJ 2024 grupa C11 (FA Tomasz Sowa) <a href=\"http:\/\/chessarbiter.com\/turnieje\/2024\/ti_4875\/results.html?l=pl&amp;tb=10_\">http:\/\/chessarbiter.com\/turnieje\/2024\/ti_4875\/results.html?l=pl&amp;tb=10_<\/a><\/li><\/ol><p>Przypadek nr 3 jest szczeg\u00f3lnie ciekawy, bo rozszerzenie zmieni\u0142o kolejno\u015b\u0107 zawodnik\u00f3w na podium (zamieni\u0142o pierwsze miejsce z drugim). Sta\u0142o si\u0119 to nie ze wzgl\u0119du na zmiany w przepisach, tylko dlatego, \u017ce ChessArbiter pomyli\u0142 si\u0119 w wyliczaniu Buchholtza (zani\u017cy\u0142 Cut1 o 0,5 pkt, a pe\u0142nego o 1 pkt. \u2013 mo\u017cna sobie przeliczy\u0107 r\u0119cznie, b\u0142\u0105d wida\u0107 jak na d\u0142oni).<\/p><\/div>\t\t\t\t\t\t\t\t<\/div>\n\t\t\t\t<\/div>\n\t\t\t\t<div class=\"elementor-element elementor-element-4989965 elementor-widget-divider--separator-type-pattern elementor-widget-divider--view-line elementor-widget elementor-widget-divider\" data-id=\"4989965\" data-element_type=\"widget\" data-e-type=\"widget\" data-widget_type=\"divider.default\">\n\t\t\t\t<div class=\"elementor-widget-container\">\n\t\t\t\t\t\t\t<div class=\"elementor-divider\" style=\"--divider-pattern-url: url(&quot;data:image\/svg+xml,%3Csvg xmlns=&#039;http:\/\/www.w3.org\/2000\/svg&#039; preserveAspectRatio=&#039;none&#039; overflow=&#039;visible&#039; height=&#039;100%&#039; viewBox=&#039;0 0 24 24&#039; fill=&#039;none&#039; stroke=&#039;black&#039; stroke-width=&#039;1&#039; stroke-linecap=&#039;square&#039; stroke-miterlimit=&#039;10&#039;%3E%3Cpath d=&#039;M0,21c3.3,0,8.3-0.9,15.7-7.1c6.6-5.4,4.4-9.3,2.4-10.3c-3.4-1.8-7.7,1.3-7.3,8.8C11.2,20,17.1,21,24,21&#039;\/%3E%3C\/svg%3E&quot;);\">\n\t\t\t<span class=\"elementor-divider-separator\">\n\t\t\t\t\t\t<\/span>\n\t\t<\/div>\n\t\t\t\t\t\t<\/div>\n\t\t\t\t<\/div>\n\t\t\t\t<div class=\"elementor-element elementor-element-e804d49 elementor-widget elementor-widget-text-editor\" data-id=\"e804d49\" data-element_type=\"widget\" data-e-type=\"widget\" data-widget_type=\"text-editor.default\">\n\t\t\t\t<div class=\"elementor-widget-container\">\n\t\t\t\t\t\t\t\t\t<h2>Strona turnieju dzia\u0142aj\u0105ca w HTTPS<\/h2><p>Jaki\u015b czas temu pojawi\u0142y si\u0119 problemy z korzystaniem ze stron turniejowych opublikowanych na chessarbiter.com. Problemy te s\u0105 zwi\u0105zane z wprowadzaniem nowych mechanizm\u00f3w bezpiecze\u0144stwa w przegl\u0105darkach internetowych. Najpro\u015bciej mo\u017cna to uj\u0105\u0107 tak: przegl\u0105darka spr\u00f3buje pobra\u0107 stron\u0119 internetow\u0105 w zabezpieczonym <a href=\"https:\/\/pl.wikipedia.org\/wiki\/HTTPS\">protokole HTTPS<\/a>, nawet je\u015bli u\u017cytkownik wpisze adres strony w protokole HTTP (bez &#8222;S&#8221;). Niestety &#8211; z punktu widzenia u\u017cytkownika &#8211; chessarbiter.com dzia\u0142a prawid\u0142owo tylko z protoko\u0142em HTTP. Ale \u017ce serwis &#8222;jako\u015b&#8221; odpowiada r\u00f3wnie\u017c w protokole HTTPS, to przegl\u0105darka trzyma si\u0119 ju\u017c tego protoko\u0142u. Wy\u015bwietla si\u0119 CO\u015a, ale kr\u00f3tko mo\u017cna to CO\u015a okre\u015bli\u0107: &#8222;nie dzia\u0142a&#8221;.<\/p><p>Jak zorientowa\u0107 si\u0119, z kt\u00f3rym protoko\u0142em mamy do czynienia? Wystarczy spojrze\u0107 na pasek adresu w przegl\u0105darce. Je\u015bli przed adresem strony widzimy &#8222;https:\/\/&#8221;, to komunikacja przebiega z wykorzystaniem protoko\u0142u HTTPS. Je\u015bli widzimy &#8222;http:\/\/&#8221; lub na pasku od razu jest adres strony, to jest to protok\u00f3\u0142 HTTP. Niekt\u00f3re przegl\u0105darki, zw\u0142aszcza na telefonach, wy\u015bwietlaj\u0105 tylko adres strony (bez protoko\u0142u) &#8211; w takich przypadkach najcz\u0119\u015bciej przed adresem zobaczymy ikonk\u0119 oznaczaj\u0105c\u0105 protok\u00f3\u0142. Je\u015bli widzimy ikonk\u0119 tak\u0105, jak w przypadku wi\u0119kszo\u015bci innych stron (zdecydowana wi\u0119kszo\u015b\u0107 obecnie korzysta protoko\u0142u z &#8222;S&#8221;), to jest to HTTPS.<\/p><h3>Naprawa po stronie u\u017cytkownika<\/h3><p>Je\u015bli widzisz, \u017ce strona nie dzia\u0142a, to najprostszym sposobem naprawy jest r\u0119czne usuni\u0119cie &#8222;s&#8221; z paska adresu &#8211; tak, by adres zaczyna\u0142 si\u0119 od &#8222;http:\/\/&#8221;. Niestety ten spos\u00f3b w niekt\u00f3rych przegl\u0105darkach nie dzia\u0142a.<\/p><p>Mo\u017cna zmieni\u0107 przegl\u0105dark\u0119 \ud83d\ude42<\/p><p>Mo\u017cna te\u017c poeksperymentowa\u0107 z zaawansowanymi ustawieniami przegl\u0105darki. Na przyk\u0142ad w przegl\u0105darkach Chrome lub Edge trzeba wej\u015b\u0107 na <em>chrome:\/\/settings\/content\/insecureContent<\/em> (skopiuj i wklej)\u00a0i tu doda\u0107 do &#8222;Zezwalaj&#8221; stron\u0119 &#8222;https:\/\/www.chessarbiter.com&#8221; (oraz ewentualnie &#8222;https:\/\/chessarbiter.com&#8221;).<\/p><h3>Naprawa po stronie s\u0119dziego \/ organizatora<\/h3><p><span style=\"word-spacing: normal;\">Spotka\u0142em si\u0119 z sugesti\u0105 wykorzystywania w aplikacji ChessArbiter witryn starego typu (menu Widok \/ Wygl\u0105d strony turniejowej&#8230; \/ klucz &#8222;U\u017cyj witryny starego typu (tylko HTML)&#8221;). Rzeczywi\u015bcie to najprostszy spos\u00f3b poradzenia sobie z problemem. Tyle, \u017ce ta witryna starego typu jest jak z epoki kamienia.<\/span><\/p><p>Rozwi\u0105zaniem jest modyfikacja szablonu turnieju poprzez zast\u0105pienie w nim wszelkich adres\u00f3w &#8222;http&#8221; adresami &#8222;https&#8221;. Mo\u017cna temat rozpracowa\u0107 samemu albo skorzysta\u0107 z efekt\u00f3w mojej pracy (aktualnie szablon INFO64, o kt\u00f3rym wy\u017cej). Zaj\u0105\u0142em si\u0119 wy\u0142\u0105cznie wygl\u0105dem &#8222;Default Web Site&#8221;, bo ten najbardziej mi si\u0119 podoba \ud83d\ude42<\/p><p><span style=\"color: #323232; font-family: -apple-system, BlinkMacSystemFont, 'Segoe UI', Roboto, Helvetica, Arial, sans-serif, sans-serif; font-size: 1.625em; font-weight: bold; word-spacing: normal;\">Naprawa po stronie Administratora (PZSzach)<\/span><\/p><p>Naprawa sprowadza si\u0119 do wprowadzenia niewielkich zmian w jednym pliku (trzeba tam zmieni\u0107 9 adres\u00f3w &#8222;http:\/\/&#8221; na &#8222;https:\/\/&#8221;). To wszystko.<\/p><p>Czy Administrator nie umie? Czy nie ma czasu? A mo\u017ce to subtelna sugestia porzucenia ChessArbitra na rzecz innej aplikacji? Nie wiem&#8230;<\/p>\t\t\t\t\t\t\t\t<\/div>\n\t\t\t\t<\/div>\n\t\t\t\t\t<\/div>\n\t\t<\/div>\n\t\t\t\t\t<\/div>\n\t\t<\/section>\n\t\t\t\t<\/div>\n\t\t","protected":false},"excerpt":{"rendered":"<p>Szablon INFO64 [premiera 15.04.2025, wersja 1.02.01 \/\/\/ ostatnia aktualizacja 28.10.2025, wersja 1.02.04] Fan\u00f3w \u015brodowiska ChessArbiter Pro zach\u0119cam do korzystania z szablonu INFO64, dzi\u0119ki kt\u00f3remu: serwis turniejowy dzia\u0142a tak samo dobrze z HTTP i z HTTPS punktacje pomocnicze wyliczaj\u0105 si\u0119 zgodnie z obowi\u0105zuj\u0105cymi zasadami (na razie tylko indywidualne turnieje szwajcarskie w typowych konfiguracjach, w innych turniejach szablon INFO64 niczego nie zmienia, nie psuje) w turniejach klasyfikacyjnych pojawia si\u0119 kontekstowy odno\u015bnik do Kalkulatora norm rankingowych PZSzach na stronach zawodnik\u00f3w dzia\u0142aj\u0105 odno\u015bniki do profili na ratings.fide.com (po migracji portalu fide.com odno\u015bniki w plikach ChessArbitra przesta\u0142y dzia\u0142a\u0107) Linki do pobrania: szablon INFO64 w aktualnej&hellip;<\/p>\n<p> <a class=\"more-link\" href=\"https:\/\/szachygrodzisk.pl\/index.php\/chessarbiter-dziala\/\">Dowiedz si\u0119 wi\u0119cej<\/a><\/p>\n","protected":false},"author":2,"featured_media":0,"parent":0,"menu_order":0,"comment_status":"closed","ping_status":"closed","template":"","meta":{"_monsterinsights_skip_tracking":false,"_monsterinsights_sitenote_active":false,"_monsterinsights_sitenote_note":"","_monsterinsights_sitenote_category":0,"footnotes":""},"class_list":["post-7992","page","type-page","status-publish"],"_links":{"self":[{"href":"https:\/\/szachygrodzisk.pl\/index.php\/wp-json\/wp\/v2\/pages\/7992","targetHints":{"allow":["GET"]}}],"collection":[{"href":"https:\/\/szachygrodzisk.pl\/index.php\/wp-json\/wp\/v2\/pages"}],"about":[{"href":"https:\/\/szachygrodzisk.pl\/index.php\/wp-json\/wp\/v2\/types\/page"}],"author":[{"embeddable":true,"href":"https:\/\/szachygrodzisk.pl\/index.php\/wp-json\/wp\/v2\/users\/2"}],"replies":[{"embeddable":true,"href":"https:\/\/szachygrodzisk.pl\/index.php\/wp-json\/wp\/v2\/comments?post=7992"}],"version-history":[{"count":73,"href":"https:\/\/szachygrodzisk.pl\/index.php\/wp-json\/wp\/v2\/pages\/7992\/revisions"}],"predecessor-version":[{"id":11280,"href":"https:\/\/szachygrodzisk.pl\/index.php\/wp-json\/wp\/v2\/pages\/7992\/revisions\/11280"}],"wp:attachment":[{"href":"https:\/\/szachygrodzisk.pl\/index.php\/wp-json\/wp\/v2\/media?parent=7992"}],"curies":[{"name":"wp","href":"https:\/\/api.w.org\/{rel}","templated":true}]}}